CRAN Package Check Results for Package flamingos

Last updated on 2021-09-22 08:50:07 CEST.

Flavor Version Tinstall Tcheck Ttotal Status Flags
r-devel-linux-x86_64-debian-clang 0.1.0 76.04 169.39 245.43 OK
r-devel-linux-x86_64-debian-gcc 0.1.0 47.07 121.74 168.81 OK
r-devel-linux-x86_64-fedora-clang 0.1.0 302.36 NOTE
r-devel-linux-x86_64-fedora-gcc 0.1.0 287.50 OK
r-devel-windows-x86_64 0.1.0 72.00 195.00 267.00 NOTE
r-devel-windows-x86_64-gcc10-UCRT 0.1.0 ERROR
r-patched-linux-x86_64 0.1.0 55.53 165.66 221.19 OK
r-patched-solaris-x86 0.1.0 436.50 NOTE
r-release-linux-x86_64 0.1.0 55.33 163.77 219.10 OK
r-release-macos-arm64 0.1.0 NOTE
r-release-macos-x86_64 0.1.0 NOTE
r-release-windows-ix86+x86_64 0.1.0 166.00 220.00 386.00 NOTE
r-oldrel-macos-x86_64 0.1.0 NOTE
r-oldrel-windows-ix86+x86_64 0.1.0 124.00 227.00 351.00 NOTE

Check Details

Version: 0.1.0
Check: installed package size
Result: NOTE
     installed size is 7.2Mb
     sub-directories of 1Mb or more:
     doc 1.9Mb
     help 2.3Mb
     libs 2.6Mb
Flavors: r-devel-linux-x86_64-fedora-clang, r-devel-windows-x86_64, r-patched-solaris-x86, r-release-macos-arm64, r-release-macos-x86_64, r-release-windows-ix86+x86_64, r-oldrel-macos-x86_64, r-oldrel-windows-ix86+x86_64

Version: 0.1.0
Check: whether package can be installed
Result: ERROR
    Installation failed.
Flavor: r-devel-windows-x86_64-gcc10-UCRT