CRAN Package Check Results for Package fivethirtyeight

Last updated on 2021-12-05 07:49:10 CET.

Flavor Version Tinstall Tcheck Ttotal Status Flags
r-devel-linux-x86_64-debian-clang 0.6.2 7.86 67.13 74.99 NOTE
r-devel-linux-x86_64-debian-gcc 0.6.2 6.51 53.44 59.95 NOTE
r-devel-linux-x86_64-fedora-clang 0.6.2 95.05 NOTE
r-devel-linux-x86_64-fedora-gcc 0.6.2 81.33 NOTE
r-devel-windows-x86_64-new-UL 0.6.2 34.00 121.00 155.00 NOTE
r-devel-windows-x86_64-new-TK 0.6.2 NOTE
r-devel-windows-x86_64-old 0.6.2 15.00 71.00 86.00 NOTE
r-patched-linux-x86_64 0.6.2 9.83 57.56 67.39 NOTE
r-release-linux-x86_64 0.6.2 8.08 66.07 74.15 NOTE
r-release-macos-arm64 0.6.2 NOTE
r-release-macos-x86_64 0.6.2 NOTE
r-release-windows-ix86+x86_64 0.6.2 17.00 85.00 102.00 NOTE
r-oldrel-macos-x86_64 0.6.2 NOTE
r-oldrel-windows-ix86+x86_64 0.6.2 16.00 86.00 102.00 NOTE

Check Details

Version: 0.6.2
Check: package dependencies
Result: NOTE
    Package suggested but not available for checking: 'fivethirtyeightdata'
Flavors: r-devel-linux-x86_64-debian-clang, r-devel-linux-x86_64-debian-gcc, r-devel-linux-x86_64-fedora-clang, r-devel-linux-x86_64-fedora-gcc, r-devel-windows-x86_64-new-UL, r-devel-windows-x86_64-new-TK, r-devel-windows-x86_64-old, r-patched-linux-x86_64, r-release-linux-x86_64, r-release-macos-arm64, r-release-macos-x86_64, r-release-windows-ix86+x86_64, r-oldrel-macos-x86_64, r-oldrel-windows-ix86+x86_64

Version: 0.6.2
Check: Rd cross-references
Result: NOTE
    Package unavailable to check Rd xrefs: 'fivethirtyeightdata'
Flavors: r-devel-linux-x86_64-debian-clang, r-devel-linux-x86_64-debian-gcc, r-devel-linux-x86_64-fedora-clang, r-devel-linux-x86_64-fedora-gcc, r-devel-windows-x86_64-new-UL, r-devel-windows-x86_64-new-TK, r-devel-windows-x86_64-old, r-patched-linux-x86_64, r-release-linux-x86_64, r-release-macos-arm64, r-release-macos-x86_64, r-release-windows-ix86+x86_64, r-oldrel-macos-x86_64, r-oldrel-windows-ix86+x86_64

Version: 0.6.2
Check: installed package size
Result: NOTE
     installed size is 5.0Mb
     sub-directories of 1Mb or more:
     data 3.8Mb
Flavors: r-devel-linux-x86_64-fedora-clang, r-devel-windows-x86_64-new-UL

Version: 0.6.2
Check: data for non-ASCII characters
Result: NOTE
     Note: found 584 marked UTF-8 strings
Flavors: r-devel-linux-x86_64-fedora-clang, r-devel-linux-x86_64-fedora-gcc, r-devel-windows-x86_64-new-TK, r-release-macos-arm64, r-release-macos-x86_64, r-oldrel-macos-x86_64