Last updated on 2023-06-10 11:51:23 CEST.
Flavor | Version | Tinstall | Tcheck | Ttotal | Status | Flags |
---|---|---|---|---|---|---|
r-devel-linux-x86_64-debian-clang | 0.6.2 | 5.83 | 88.89 | 94.72 | OK | |
r-devel-linux-x86_64-debian-gcc | 0.6.2 | 4.92 | 66.34 | 71.26 | OK | |
r-devel-linux-x86_64-fedora-clang | 0.6.2 | 117.58 | NOTE | |||
r-devel-linux-x86_64-fedora-gcc | 0.6.2 | 123.74 | NOTE | |||
r-devel-windows-x86_64 | 0.6.2 | 7.00 | 95.00 | 102.00 | OK | |
r-patched-linux-x86_64 | 0.6.2 | 7.53 | 82.31 | 89.84 | OK | |
r-release-linux-x86_64 | 0.6.2 | 4.90 | 82.81 | 87.71 | OK | |
r-release-macos-arm64 | 0.6.2 | 50.00 | OK | |||
r-release-macos-x86_64 | 0.6.2 | 70.00 | OK | |||
r-release-windows-x86_64 | 0.6.2 | 10.00 | 105.00 | 115.00 | OK | |
r-oldrel-macos-arm64 | 0.6.2 | 37.00 | NOTE | |||
r-oldrel-macos-x86_64 | 0.6.2 | 77.00 | NOTE | |||
r-oldrel-windows-x86_64 | 0.6.2 | 12.00 | 106.00 | 118.00 | OK |
Version: 0.6.2
Check: dependencies in R code
Result: NOTE
Namespace in Imports field not imported from: ‘rstudioapi’
All declared Imports should be used.
Flavors: r-devel-linux-x86_64-fedora-clang, r-devel-linux-x86_64-fedora-gcc, r-oldrel-macos-arm64, r-oldrel-macos-x86_64