CRAN Package Check Results for Package fitteR

Last updated on 2021-08-01 09:50:21 CEST.

Flavor Version Tinstall Tcheck Ttotal Status Flags
r-devel-linux-x86_64-debian-clang 0.1.0 6.50 68.24 74.74 NOTE
r-devel-linux-x86_64-debian-gcc 0.1.0 5.37 52.56 57.93 NOTE
r-devel-linux-x86_64-fedora-clang 0.1.0 97.00 NOTE
r-devel-linux-x86_64-fedora-gcc 0.1.0 89.20 NOTE
r-devel-windows-x86_64 0.1.0 9.00 87.00 96.00 OK
r-devel-windows-x86_64-gcc10-UCRT 0.1.0 NOTE
r-patched-linux-x86_64 0.1.0 NOTE
r-patched-solaris-x86 0.1.0 121.80 NOTE
r-release-linux-x86_64 0.1.0 7.33 62.44 69.77 NOTE
r-release-macos-arm64 0.1.0 NOTE
r-release-macos-x86_64 0.1.0 NOTE
r-release-windows-ix86+x86_64 0.1.0 16.00 93.00 109.00 OK
r-oldrel-macos-x86_64 0.1.0 NOTE
r-oldrel-windows-ix86+x86_64 0.1.0 14.00 99.00 113.00 OK

Check Details

Version: 0.1.0
Check: package dependencies
Result: NOTE
    Package suggested but not available for checking: 'ihs'
Flavors: r-devel-linux-x86_64-debian-clang, r-devel-linux-x86_64-debian-gcc, r-devel-linux-x86_64-fedora-clang, r-devel-linux-x86_64-fedora-gcc, r-devel-windows-x86_64-gcc10-UCRT, r-patched-linux-x86_64, r-patched-solaris-x86, r-release-linux-x86_64, r-release-macos-arm64, r-release-macos-x86_64

Version: 0.1.0
Check: package dependencies
Result: NOTE
    Package suggested but not available for checking: ‘ExtDist’
Flavor: r-oldrel-macos-x86_64