CRAN Package Check Results for Package fitPoly

Last updated on 2021-09-20 08:50:15 CEST.

Flavor Version Tinstall Tcheck Ttotal Status Flags
r-devel-linux-x86_64-debian-clang 3.0.0 8.33 40.88 49.21 OK
r-devel-linux-x86_64-debian-gcc 3.0.0 4.50 31.15 35.65 OK
r-devel-linux-x86_64-fedora-clang 3.0.0 65.68 OK
r-devel-linux-x86_64-fedora-gcc 3.0.0 54.66 OK
r-devel-windows-x86_64 3.0.0 6.00 40.00 46.00 OK
r-devel-windows-x86_64-gcc10-UCRT 3.0.0 ERROR
r-patched-linux-x86_64 3.0.0 5.16 40.34 45.50 OK
r-patched-solaris-x86 3.0.0 73.70 OK
r-release-linux-x86_64 3.0.0 7.14 39.92 47.06 OK
r-release-macos-arm64 3.0.0 OK
r-release-macos-x86_64 3.0.0 OK
r-release-windows-ix86+x86_64 3.0.0 12.00 43.00 55.00 OK
r-oldrel-macos-x86_64 3.0.0 OK
r-oldrel-windows-ix86+x86_64 3.0.0 12.00 40.00 52.00 OK

Check Details

Version: 3.0.0
Check: whether package can be installed
Result: WARN
    Found the following significant warnings:
     WARNING: installation-time patches will not be applied, could not get the patches index
Flavor: r-devel-windows-x86_64-gcc10-UCRT

Version: 3.0.0
Check: PDF version of manual
Result: WARN
    LaTeX errors when creating PDF version.
    This typically indicates Rd problems.
Flavor: r-devel-windows-x86_64-gcc10-UCRT

Version: 3.0.0
Check: PDF version of manual without hyperrefs or index
Result: ERROR
    Re-running with no redirection of stdout/stderr.
Flavor: r-devel-windows-x86_64-gcc10-UCRT