CRAN Package Check Results for Package fitHeavyTail

Last updated on 2021-09-26 20:49:08 CEST.

Flavor Version Tinstall Tcheck Ttotal Status Flags
r-devel-linux-x86_64-debian-clang 0.1.2 9.22 78.72 87.94 NOTE
r-devel-linux-x86_64-debian-gcc 0.1.2 7.60 62.09 69.69 NOTE
r-devel-linux-x86_64-fedora-clang 0.1.2 113.79 NOTE
r-devel-linux-x86_64-fedora-gcc 0.1.2 103.17 NOTE
r-devel-windows-x86_64 0.1.2 11.00 74.00 85.00 NOTE
r-devel-windows-x86_64-gcc10-UCRT 0.1.2 NOTE
r-patched-linux-x86_64 0.1.2 8.51 75.63 84.14 NOTE
r-patched-solaris-x86 0.1.2 156.10 NOTE
r-release-linux-x86_64 0.1.2 7.88 76.43 84.31 NOTE
r-release-macos-arm64 0.1.2 NOTE
r-release-macos-x86_64 0.1.2 NOTE
r-release-windows-ix86+x86_64 0.1.2 19.00 73.00 92.00 NOTE
r-oldrel-macos-x86_64 0.1.2 OK
r-oldrel-windows-ix86+x86_64 0.1.2 17.00 74.00 91.00 OK

Check Details

Version: 0.1.2
Check: LazyData
Result: NOTE
     'LazyData' is specified without a 'data' directory
Flavors: r-devel-linux-x86_64-debian-clang, r-devel-linux-x86_64-debian-gcc, r-devel-linux-x86_64-fedora-clang, r-devel-linux-x86_64-fedora-gcc, r-devel-windows-x86_64, r-devel-windows-x86_64-gcc10-UCRT, r-patched-linux-x86_64, r-patched-solaris-x86, r-release-linux-x86_64, r-release-macos-arm64, r-release-macos-x86_64, r-release-windows-ix86+x86_64