CRAN Package Check Results for Package fishtree

Last updated on 2021-10-27 08:56:04 CEST.

Flavor Version Tinstall Tcheck Ttotal Status Flags
r-devel-linux-x86_64-debian-clang 0.3.4 2.58 31.80 34.38 NOTE
r-devel-linux-x86_64-debian-gcc 0.3.4 1.80 25.73 27.53 NOTE
r-devel-linux-x86_64-fedora-clang 0.3.4 52.53 NOTE
r-devel-linux-x86_64-fedora-gcc 0.3.4 42.10 NOTE
r-devel-windows-x86_64 0.3.4 4.00 57.00 61.00 NOTE
r-devel-windows-x86_64-gcc10-UCRT 0.3.4 NOTE
r-patched-linux-x86_64 0.3.4 2.68 31.87 34.55 NOTE
r-patched-solaris-x86 0.3.4 65.20 NOTE
r-release-linux-x86_64 0.3.4 2.32 32.02 34.34 NOTE
r-release-macos-arm64 0.3.4 NOTE
r-release-macos-x86_64 0.3.4 NOTE
r-release-windows-ix86+x86_64 0.3.4 4.00 53.00 57.00 NOTE
r-oldrel-macos-x86_64 0.3.4 OK
r-oldrel-windows-ix86+x86_64 0.3.4 7.00 53.00 60.00 OK

Check Details

Version: 0.3.4
Check: LazyData
Result: NOTE
     'LazyData' is specified without a 'data' directory
Flavors: r-devel-linux-x86_64-debian-clang, r-devel-linux-x86_64-debian-gcc, r-devel-linux-x86_64-fedora-clang, r-devel-linux-x86_64-fedora-gcc, r-devel-windows-x86_64, r-devel-windows-x86_64-gcc10-UCRT, r-patched-linux-x86_64, r-patched-solaris-x86, r-release-linux-x86_64, r-release-macos-arm64, r-release-macos-x86_64, r-release-windows-ix86+x86_64