CRAN Package Check Results for Package fishRman

Last updated on 2024-04-15 21:54:34 CEST.

Flavor Version Tinstall Tcheck Ttotal Status Flags
r-devel-linux-x86_64-debian-clang 1.2.3 10.46 79.21 89.67 OK
r-devel-linux-x86_64-debian-gcc 1.2.3 6.94 60.63 67.57 OK
r-devel-linux-x86_64-fedora-clang 1.2.3 113.29 NOTE
r-devel-linux-x86_64-fedora-gcc 1.2.3 105.15 NOTE
r-prerel-macos-arm64 1.2.3 31.00 OK
r-prerel-macos-x86_64 1.2.3 80.00 OK
r-prerel-windows-x86_64 1.2.3 10.00 75.00 85.00 OK
r-patched-linux-x86_64 1.2.3 8.82 77.03 85.85 OK
r-release-linux-x86_64 1.2.3 8.25 75.94 84.19 OK
r-release-macos-arm64 1.2.3 39.00 OK
r-release-macos-x86_64 1.2.3 81.00 OK
r-release-windows-x86_64 1.2.3 12.00 87.00 99.00 OK
r-oldrel-macos-arm64 1.2.3 40.00 OK
r-oldrel-windows-x86_64 1.2.3 13.00 96.00 109.00 OK

Check Details

Version: 1.2.3
Check: dependencies in R code
Result: NOTE Namespaces in Imports field not imported from: ‘httr’ ‘jsonlite’ All declared Imports should be used. Flavors: r-devel-linux-x86_64-fedora-clang, r-devel-linux-x86_64-fedora-gcc