Last updated on 2022-08-08 21:53:13 CEST.
Flavor | Version | Tinstall | Tcheck | Ttotal | Status | Flags |
---|---|---|---|---|---|---|
r-devel-linux-x86_64-debian-clang | 1.1 | 38.09 | 163.54 | 201.63 | OK | |
r-devel-linux-x86_64-debian-gcc | 1.1 | 29.19 | 121.05 | 150.24 | OK | |
r-devel-linux-x86_64-fedora-clang | 1.1 | 274.66 | NOTE | |||
r-devel-linux-x86_64-fedora-gcc | 1.1 | 252.25 | NOTE | |||
r-devel-windows-x86_64 | 1.1 | 52.00 | 191.00 | 243.00 | OK | |
r-patched-linux-x86_64 | 1.1 | 40.52 | 170.41 | 210.93 | OK | |
r-release-linux-x86_64 | 1.1 | OK | ||||
r-release-macos-arm64 | 1.1 | 110.00 | NOTE | |||
r-release-macos-x86_64 | 1.1 | 193.00 | NOTE | |||
r-release-windows-x86_64 | 1.1 | 75.00 | 189.00 | 264.00 | OK | |
r-oldrel-macos-arm64 | 1.1 | 192.00 | NOTE | |||
r-oldrel-macos-x86_64 | 1.1 | 128.00 | NOTE | |||
r-oldrel-windows-ix86+x86_64 | 1.1 | 99.00 | 233.00 | 332.00 | OK |
Version: 1.1
Check: dependencies in R code
Result: NOTE
Namespace in Imports field not imported from: ‘RcppProgress’
All declared Imports should be used.
Flavors: r-devel-linux-x86_64-fedora-clang, r-devel-linux-x86_64-fedora-gcc, r-release-macos-arm64, r-release-macos-x86_64, r-oldrel-macos-arm64, r-oldrel-macos-x86_64