CRAN Package Check Results for Package finetune

Last updated on 2022-01-22 07:52:43 CET.

Flavor Version Tinstall Tcheck Ttotal Status Flags
r-devel-linux-x86_64-debian-clang 0.1.0 14.90 286.97 301.87 OK
r-devel-linux-x86_64-debian-gcc 0.1.0 12.36 223.67 236.03 OK
r-devel-linux-x86_64-fedora-clang 0.1.0 349.25 NOTE
r-devel-linux-x86_64-fedora-gcc 0.1.0 340.37 NOTE
r-devel-windows-x86_64-new-UL 0.1.0 57.00 303.00 360.00 OK
r-devel-windows-x86_64-new-TK 0.1.0 NOTE
r-patched-linux-x86_64 0.1.0 18.42 275.07 293.49 OK
r-release-linux-x86_64 0.1.0 10.72 271.57 282.29 OK
r-release-macos-arm64 0.1.0 NOTE
r-release-macos-x86_64 0.1.0 NOTE
r-release-windows-ix86+x86_64 0.1.0 35.00 319.00 354.00 OK
r-oldrel-macos-x86_64 0.1.0 NOTE
r-oldrel-windows-ix86+x86_64 0.1.0 36.00 329.00 365.00 OK

Check Details

Version: 0.1.0
Check: dependencies in R code
Result: NOTE
    Namespaces in Imports field not imported from:
     ‘ranger’ ‘yardstick’
     All declared Imports should be used.
Flavors: r-devel-linux-x86_64-fedora-clang, r-devel-linux-x86_64-fedora-gcc, r-devel-windows-x86_64-new-TK, r-release-macos-arm64, r-release-macos-x86_64, r-oldrel-macos-x86_64