Last updated on 2023-09-23 20:53:03 CEST.
Flavor | Version | Tinstall | Tcheck | Ttotal | Status | Flags |
---|---|---|---|---|---|---|
r-devel-linux-x86_64-debian-clang | 0.2.3 | 2.17 | 26.33 | 28.50 | NOTE | |
r-devel-linux-x86_64-debian-gcc | 0.2.3 | 1.82 | 21.00 | 22.82 | NOTE | |
r-devel-linux-x86_64-fedora-clang | 0.2.3 | 37.41 | NOTE | |||
r-devel-linux-x86_64-fedora-gcc | 0.2.3 | 35.44 | NOTE | |||
r-devel-windows-x86_64 | 0.2.3 | 3.00 | 45.00 | 48.00 | NOTE | |
r-patched-linux-x86_64 | 0.2.3 | 2.28 | 26.09 | 28.37 | OK | |
r-release-linux-x86_64 | 0.2.3 | 2.24 | 26.35 | 28.59 | OK | |
r-release-macos-arm64 | 0.2.3 | 16.00 | OK | |||
r-release-macos-x86_64 | 0.2.3 | 22.00 | OK | |||
r-release-windows-x86_64 | 0.2.3 | 5.00 | 43.00 | 48.00 | OK | |
r-oldrel-macos-arm64 | 0.2.3 | 18.00 | OK | |||
r-oldrel-macos-x86_64 | 0.2.3 | 22.00 | OK | |||
r-oldrel-windows-x86_64 | 0.2.3 | 5.00 | 45.00 | 50.00 | OK |
Version: 0.2.3
Check: Rd metadata
Result: NOTE
Invalid package aliases in Rd file 'filename.Rd':
‘filename-package’
Flavors: r-devel-linux-x86_64-debian-clang, r-devel-linux-x86_64-debian-gcc, r-devel-linux-x86_64-fedora-clang, r-devel-linux-x86_64-fedora-gcc, r-devel-windows-x86_64