CRAN Package Check Results for Package filehash

Last updated on 2020-01-19 08:47:45 CET.

Flavor Version Tinstall Tcheck Ttotal Status Flags
r-devel-linux-x86_64-debian-clang 2.4-2 5.96 31.90 37.86 NOTE
r-devel-linux-x86_64-debian-gcc 2.4-2 4.61 25.81 30.42 NOTE
r-devel-linux-x86_64-fedora-clang 2.4-2 48.92 NOTE
r-devel-linux-x86_64-fedora-gcc 2.4-2 46.72 NOTE
r-devel-windows-ix86+x86_64 2.4-2 21.00 61.00 82.00 OK
r-devel-windows-ix86+x86_64-gcc8 2.4-2 16.00 83.00 99.00 OK
r-patched-linux-x86_64 2.4-2 4.17 29.55 33.72 OK
r-patched-solaris-x86 2.4-2 66.40 OK
r-release-linux-x86_64 2.4-2 5.22 29.53 34.75 OK
r-release-windows-ix86+x86_64 2.4-2 16.00 75.00 91.00 OK
r-release-osx-x86_64 2.4-2 OK
r-oldrel-windows-ix86+x86_64 2.4-2 12.00 54.00 66.00 OK
r-oldrel-osx-x86_64 2.4-2 OK

Check Details

Version: 2.4-2
Check: for non-standard things in the check directory
Result: NOTE
    Found the following files/directories:
     'dataframe.dump' 'list.dump' 'myDB'
Flavors: r-devel-linux-x86_64-debian-clang, r-devel-linux-x86_64-debian-gcc, r-devel-linux-x86_64-fedora-clang, r-devel-linux-x86_64-fedora-gcc