CRAN Package Check Results for Package filearray

Last updated on 2021-12-07 19:49:44 CET.

Flavor Version Tinstall Tcheck Ttotal Status Flags
r-devel-linux-x86_64-debian-clang 0.1.2 97.72 71.10 168.82 OK
r-devel-linux-x86_64-debian-gcc 0.1.2 72.70 50.46 123.16 OK
r-devel-linux-x86_64-fedora-clang 0.1.2 255.46 OK
r-devel-linux-x86_64-fedora-gcc 0.1.2 220.33 OK
r-devel-windows-x86_64-new-UL 0.1.2 151.00 129.00 280.00 OK
r-devel-windows-x86_64-new-TK 0.1.2 OK
r-devel-windows-x86_64-old 0.1.2 149.00 98.00 247.00 OK
r-patched-linux-x86_64 0.1.2 91.40 65.81 157.21 OK
r-release-linux-x86_64 0.1.2 86.08 65.73 151.81 OK
r-release-macos-arm64 0.1.2 NOTE
r-release-macos-x86_64 0.1.2 OK
r-release-windows-ix86+x86_64 0.1.2 218.00 135.00 353.00 OK
r-oldrel-macos-x86_64 0.1.2 WARN
r-oldrel-windows-ix86+x86_64 0.1.2 292.00 127.00 419.00 WARN

Check Details

Version: 0.1.2
Check: installed package size
Result: NOTE
     installed size is 5.4Mb
     sub-directories of 1Mb or more:
     libs 5.0Mb
Flavor: r-release-macos-arm64

Version: 0.1.2
Check: for code/documentation mismatches
Result: WARN
    Codoc mismatches from documentation object 'apply':
    apply
     Code: function(X, MARGIN, FUN, ...)
     Docs: function(X, MARGIN, FUN, ..., simplify = TRUE)
     Argument names in docs not in code:
     simplify
Flavors: r-oldrel-macos-x86_64, r-oldrel-windows-ix86+x86_64