Last updated on 2023-01-30 19:54:45 CET.
Flavor | Version | Tinstall | Tcheck | Ttotal | Status | Flags |
---|---|---|---|---|---|---|
r-devel-linux-x86_64-debian-clang | 1.0.3 | 326.99 | 198.57 | 525.56 | NOTE | |
r-devel-linux-x86_64-debian-gcc | 1.0.3 | 286.80 | 156.88 | 443.68 | NOTE | |
r-devel-linux-x86_64-fedora-clang | 1.0.3 | 679.90 | NOTE | |||
r-devel-linux-x86_64-fedora-gcc | 1.0.3 | 782.43 | NOTE | |||
r-devel-windows-x86_64 | 1.0.3 | 285.00 | 288.00 | 573.00 | NOTE | |
r-patched-linux-x86_64 | 1.0.3 | 313.49 | 200.29 | 513.78 | NOTE | |
r-release-linux-x86_64 | 1.0.3 | 307.43 | 197.40 | 504.83 | NOTE | |
r-release-macos-arm64 | 1.0.3 | 132.00 | NOTE | |||
r-release-macos-x86_64 | 1.0.3 | 238.00 | NOTE | |||
r-release-windows-x86_64 | 1.0.3 | 297.00 | 287.00 | 584.00 | NOTE | |
r-oldrel-macos-arm64 | 1.0.3 | 143.00 | NOTE | |||
r-oldrel-macos-x86_64 | 1.0.3 | 242.00 | NOTE | |||
r-oldrel-windows-ix86+x86_64 | 1.0.3 | 773.00 | 348.00 | 1121.00 | NOTE |
Version: 1.0.3
Check: package dependencies
Result: NOTE
Package suggested but not available for checking: ‘MicrobeDS’
Flavors: r-devel-linux-x86_64-debian-clang, r-devel-linux-x86_64-debian-gcc, r-devel-linux-x86_64-fedora-clang, r-devel-linux-x86_64-fedora-gcc, r-devel-windows-x86_64, r-patched-linux-x86_64, r-release-linux-x86_64, r-release-macos-arm64, r-release-macos-x86_64, r-release-windows-x86_64, r-oldrel-macos-arm64, r-oldrel-macos-x86_64, r-oldrel-windows-ix86+x86_64
Version: 1.0.3
Check: C++ specification
Result: NOTE
Specified C++11: please update to current default of C++17
Flavors: r-devel-linux-x86_64-debian-gcc, r-devel-linux-x86_64-fedora-clang, r-devel-linux-x86_64-fedora-gcc
Version: 1.0.3
Check: installed package size
Result: NOTE
installed size is 39.5Mb
sub-directories of 1Mb or more:
libs 37.9Mb
Flavors: r-release-macos-arm64, r-release-macos-x86_64, r-oldrel-macos-arm64, r-oldrel-macos-x86_64, r-oldrel-windows-ix86+x86_64