Last updated on 2023-11-30 19:51:57 CET.
Flavor | Version | Tinstall | Tcheck | Ttotal | Status | Flags |
---|---|---|---|---|---|---|
r-devel-linux-x86_64-debian-clang | 1.0.0 | 12.85 | 217.78 | 230.63 | OK | |
r-devel-linux-x86_64-debian-gcc | 1.0.0 | 9.31 | 160.48 | 169.79 | OK | |
r-devel-linux-x86_64-fedora-clang | 1.0.0 | 285.01 | NOTE | |||
r-devel-linux-x86_64-fedora-gcc | 1.0.0 | 288.06 | NOTE | |||
r-devel-windows-x86_64 | 1.0.0 | 12.00 | 277.00 | 289.00 | OK | |
r-patched-linux-x86_64 | 1.0.0 | 11.54 | 206.82 | 218.36 | OK | |
r-release-linux-x86_64 | 1.0.0 | 9.84 | 204.09 | 213.93 | OK | |
r-release-macos-arm64 | 1.0.0 | 103.00 | OK | |||
r-release-macos-x86_64 | 1.0.0 | 152.00 | OK | |||
r-release-windows-x86_64 | 1.0.0 | 13.00 | 288.00 | 301.00 | OK | |
r-oldrel-macos-arm64 | 1.0.0 | 83.00 | NOTE | |||
r-oldrel-macos-x86_64 | 1.0.0 | 139.00 | NOTE | |||
r-oldrel-windows-x86_64 | 1.0.0 | 15.00 | 298.00 | 313.00 | OK |
Version: 1.0.0
Check: dependencies in R code
Result: NOTE
Namespace in Imports field not imported from: ‘numDeriv’
All declared Imports should be used.
Flavors: r-devel-linux-x86_64-fedora-clang, r-devel-linux-x86_64-fedora-gcc, r-oldrel-macos-arm64, r-oldrel-macos-x86_64