CRAN Package Check Results for Package fgpt

Last updated on 2021-09-20 08:50:15 CEST.

Flavor Version Tinstall Tcheck Ttotal Status Flags
r-devel-linux-x86_64-debian-clang 2.3 2.86 161.09 163.95 NOTE
r-devel-linux-x86_64-debian-gcc 2.3 2.29 109.35 111.64 NOTE
r-devel-linux-x86_64-fedora-clang 2.3 194.94 NOTE
r-devel-linux-x86_64-fedora-gcc 2.3 186.46 NOTE
r-devel-windows-x86_64 2.3 4.00 133.00 137.00 NOTE
r-devel-windows-x86_64-gcc10-UCRT 2.3 ERROR
r-patched-linux-x86_64 2.3 2.88 150.68 153.56 NOTE
r-patched-solaris-x86 2.3 253.00 NOTE
r-release-linux-x86_64 2.3 3.23 151.70 154.93 NOTE
r-release-macos-arm64 2.3 NOTE
r-release-macos-x86_64 2.3 NOTE
r-release-windows-ix86+x86_64 2.3 6.00 132.00 138.00 NOTE
r-oldrel-macos-x86_64 2.3 NOTE
r-oldrel-windows-ix86+x86_64 2.3 6.00 200.00 206.00 NOTE

Check Details

Version: 2.3
Check: R code for possible problems
Result: NOTE
    fgeasy: no visible global function definition for 'dist'
    fgeasy : cor.est: no visible global function definition for 'cor.test'
    fgeasy: no visible binding for global variable 'var'
    fgperm : runrand: no visible global function definition for 'runif'
    fgperm : runrand: no visible global function definition for 'ave'
    fgploc : runrand: no visible global function definition for 'runif'
    fgploc : runrand: no visible global function definition for 'ave'
    fyshuffle: no visible global function definition for 'runif'
    plot.fg: no visible global function definition for 'par'
    plot.fg: no visible global function definition for 'segments'
    plot.fg: no visible binding for global variable 'quantile'
    plot.fg: no visible global function definition for 'abline'
    plot.fg: no visible global function definition for 'axis'
    summary.fg: no visible binding for global variable 'quantile'
    Undefined global functions or variables:
     abline ave axis cor.test dist par quantile runif segments var
    Consider adding
     importFrom("graphics", "abline", "axis", "par", "segments")
     importFrom("stats", "ave", "cor.test", "dist", "quantile", "runif",
     "var")
    to your NAMESPACE file.
Flavors: r-devel-linux-x86_64-debian-clang, r-devel-linux-x86_64-debian-gcc, r-devel-linux-x86_64-fedora-clang, r-devel-linux-x86_64-fedora-gcc, r-devel-windows-x86_64, r-devel-windows-x86_64-gcc10-UCRT, r-patched-linux-x86_64, r-patched-solaris-x86, r-release-linux-x86_64, r-release-macos-arm64, r-release-macos-x86_64, r-release-windows-ix86+x86_64, r-oldrel-macos-x86_64, r-oldrel-windows-ix86+x86_64

Version: 2.3
Check: whether package can be installed
Result: WARN
    Found the following significant warnings:
     WARNING: installation-time patches will not be applied, could not get the patches index
Flavor: r-devel-windows-x86_64-gcc10-UCRT

Version: 2.3
Check: PDF version of manual
Result: WARN
    LaTeX errors when creating PDF version.
    This typically indicates Rd problems.
Flavor: r-devel-windows-x86_64-gcc10-UCRT

Version: 2.3
Check: PDF version of manual without hyperrefs or index
Result: ERROR
    Re-running with no redirection of stdout/stderr.
Flavor: r-devel-windows-x86_64-gcc10-UCRT