CRAN Package Check Results for Package ffstream

Last updated on 2024-02-23 07:52:08 CET.

Flavor Version Tinstall Tcheck Ttotal Status Flags
r-devel-linux-x86_64-debian-clang 0.1.7.2 NOTE
r-devel-linux-x86_64-debian-gcc 0.1.7.2 106.65 64.14 170.79 NOTE
r-devel-linux-x86_64-fedora-clang 0.1.7.2 317.78 NOTE
r-devel-linux-x86_64-fedora-gcc 0.1.7.2 338.49 NOTE
r-devel-windows-x86_64 0.1.7.2 105.00 114.00 219.00 NOTE
r-patched-linux-x86_64 0.1.7.2 142.66 82.56 225.22 OK
r-release-linux-x86_64 0.1.7.2 130.57 82.56 213.13 OK
r-release-macos-arm64 0.1.7.2 95.00 NOTE
r-release-macos-x86_64 0.1.7.2 140.00 NOTE
r-release-windows-x86_64 0.1.7.2 100.00 131.00 231.00 OK
r-oldrel-macos-arm64 0.1.7.2 90.00 NOTE
r-oldrel-windows-x86_64 0.1.7.2 124.00 113.00 237.00 OK

Check Details

Version: 0.1.7.2
Check: Rd \usage sections
Result: NOTE Documented arguments not in \usage in Rd file 'checkStream.Rd': ‘skipChecks’ Documented arguments not in \usage in Rd file 'cpp_detectCUSUMMeanSinglePrechange.Rd': ‘BL’ Documented arguments not in \usage in Rd file 'cpp_detectEWMAMeanSinglePrechange.Rd': ‘BL’ Documented arguments not in \usage in Rd file 'makeStreamMeanChangeR.Rd': ‘x’ Documented arguments not in \usage in Rd file 'update_Omega.Rd': ‘m_new’ Functions with \usage entries need to have the appropriate \alias entries, and all their arguments documented. The \usage entries must correspond to syntactically valid R code. See chapter ‘Writing R documentation files’ in the ‘Writing R Extensions’ manual. Flavors: r-devel-linux-x86_64-debian-clang, r-devel-linux-x86_64-debian-gcc, r-devel-linux-x86_64-fedora-clang, r-devel-linux-x86_64-fedora-gcc, r-devel-windows-x86_64

Version: 0.1.7.2
Check: package vignettes
Result: NOTE Package vignette without corresponding tangle output: ‘intro.Rmd’ Flavors: r-devel-linux-x86_64-debian-clang, r-devel-linux-x86_64-debian-gcc, r-devel-linux-x86_64-fedora-clang, r-devel-linux-x86_64-fedora-gcc, r-devel-windows-x86_64

Version: 0.1.7.2
Check: installed package size
Result: NOTE installed size is 9.6Mb sub-directories of 1Mb or more: libs 9.2Mb Flavors: r-release-macos-arm64, r-release-macos-x86_64, r-oldrel-macos-arm64