CRAN Package Check Results for Package ffstream

Last updated on 2021-09-20 20:48:38 CEST.

Flavor Version Tinstall Tcheck Ttotal Status Flags
r-devel-linux-x86_64-debian-clang 0.1.6 135.08 74.00 209.08 NOTE
r-devel-linux-x86_64-debian-gcc 0.1.6 88.79 55.62 144.41 NOTE
r-devel-linux-x86_64-fedora-clang 0.1.6 299.71 NOTE
r-devel-linux-x86_64-fedora-gcc 0.1.6 256.39 NOTE
r-devel-windows-x86_64 0.1.6 121.00 77.00 198.00 NOTE
r-devel-windows-x86_64-gcc10-UCRT 0.1.6 ERROR
r-patched-linux-x86_64 0.1.6 103.49 71.62 175.11 NOTE
r-patched-solaris-x86 0.1.6 237.40 NOTE
r-release-linux-x86_64 0.1.6 107.32 71.05 178.37 NOTE
r-release-macos-arm64 0.1.6 NOTE
r-release-macos-x86_64 0.1.6 NOTE
r-release-windows-ix86+x86_64 0.1.6 291.00 106.00 397.00 NOTE
r-oldrel-macos-x86_64 0.1.6 NOTE
r-oldrel-windows-ix86+x86_64 0.1.6 286.00 145.00 431.00 OK

Check Details

Version: 0.1.6
Check: LazyData
Result: NOTE
     'LazyData' is specified without a 'data' directory
Flavors: r-devel-linux-x86_64-debian-clang, r-devel-linux-x86_64-debian-gcc, r-devel-linux-x86_64-fedora-clang, r-devel-linux-x86_64-fedora-gcc, r-devel-windows-x86_64, r-patched-linux-x86_64, r-patched-solaris-x86, r-release-linux-x86_64, r-release-macos-arm64, r-release-macos-x86_64, r-release-windows-ix86+x86_64

Version: 0.1.6
Check: installed package size
Result: NOTE
     installed size is 8.9Mb
     sub-directories of 1Mb or more:
     libs 8.5Mb
Flavors: r-devel-linux-x86_64-fedora-clang, r-release-macos-arm64, r-release-macos-x86_64, r-oldrel-macos-x86_64

Version: 0.1.6
Check: whether package can be installed
Result: ERROR
    Installation failed.
Flavor: r-devel-windows-x86_64-gcc10-UCRT