Last updated on 2023-10-03 09:08:17 CEST.
Flavor | Version | Tinstall | Tcheck | Ttotal | Status | Flags |
---|---|---|---|---|---|---|
r-devel-linux-x86_64-debian-clang | 1.1.1 | 4.58 | 40.76 | 45.34 | NOTE | |
r-devel-linux-x86_64-debian-gcc | 1.1.1 | 3.12 | 30.98 | 34.10 | NOTE | |
r-devel-linux-x86_64-fedora-clang | 1.1.1 | 54.94 | NOTE | |||
r-devel-linux-x86_64-fedora-gcc | 1.1.1 | 53.25 | NOTE | |||
r-devel-windows-x86_64 | 1.1.1 | 5.00 | 55.00 | 60.00 | NOTE | |
r-patched-linux-x86_64 | 1.1.1 | 5.14 | 39.13 | 44.27 | OK | |
r-release-linux-x86_64 | 1.1.1 | 4.03 | 39.78 | 43.81 | OK | |
r-release-macos-arm64 | 1.1.1 | 23.00 | OK | |||
r-release-macos-x86_64 | 1.1.1 | 31.00 | OK | |||
r-release-windows-x86_64 | 1.1.1 | 5.00 | 56.00 | 61.00 | OK | |
r-oldrel-macos-arm64 | 1.1.1 | 21.00 | OK | |||
r-oldrel-macos-x86_64 | 1.1.1 | 31.00 | OK | |||
r-oldrel-windows-x86_64 | 1.1.1 | 8.00 | 61.00 | 69.00 | OK |
Version: 1.1.1
Check: Rd \usage sections
Result: NOTE
Documented arguments not in \usage in documentation object 'linregEst':
‘rank_lim’ ‘Umodel’
Documented arguments not in \usage in documentation object 'm2c':
‘CC’
Functions with \usage entries need to have the appropriate \alias
entries, and all their arguments documented.
The \usage entries must correspond to syntactically valid R code.
See chapter ‘Writing R documentation files’ in the ‘Writing R
Extensions’ manual.
Flavors: r-devel-linux-x86_64-debian-clang, r-devel-linux-x86_64-debian-gcc, r-devel-linux-x86_64-fedora-clang, r-devel-linux-x86_64-fedora-gcc, r-devel-windows-x86_64