CRAN Package Check Results for Package ffbase

Last updated on 2021-10-24 20:51:02 CEST.

Flavor Version Tinstall Tcheck Ttotal Status Flags
r-devel-linux-x86_64-debian-clang 0.13.3 8.24 67.64 75.88 OK
r-devel-linux-x86_64-debian-gcc 0.13.3 6.34 51.85 58.19 OK
r-devel-linux-x86_64-fedora-clang 0.13.3 99.41 OK
r-devel-linux-x86_64-fedora-gcc 0.13.3 88.49 OK
r-devel-windows-x86_64 0.13.3 14.00 87.00 101.00 ERROR
r-devel-windows-x86_64-gcc10-UCRT 0.13.3 ERROR
r-patched-linux-x86_64 0.13.3 8.80 65.22 74.02 OK
r-patched-solaris-x86 0.13.3 124.10 OK
r-release-linux-x86_64 0.13.3 7.21 64.75 71.96 OK
r-release-macos-arm64 0.13.3 OK
r-release-macos-x86_64 0.13.3 OK
r-release-windows-ix86+x86_64 0.13.3 15.00 131.00 146.00 OK
r-oldrel-macos-x86_64 0.13.3 OK
r-oldrel-windows-ix86+x86_64 0.13.3 19.00 127.00 146.00 OK

Check Details

Version: 0.13.3
Check: whether package can be installed
Result: WARN
    Found the following significant warnings:
     Warning: 'memory.limit()' is no longer supported
Flavors: r-devel-windows-x86_64, r-devel-windows-x86_64-gcc10-UCRT

Version: 0.13.3
Check: examples
Result: ERROR
    Running examples in 'ffbase-Ex.R' failed
    The error most likely occurred in:
    
    > ### Name: expand.ffgrid
    > ### Title: Create a 'ffdf' from All Combinations of Factors
    > ### Aliases: expand.ffgrid
    >
    > ### ** Examples
    >
    > comb <- expand.ffgrid(ff(1:1000), ff(factor(LETTERS)))
    Warning in grouprunningcumsumindex(x = rambytes[i], max = BATCHBYTES, currentcumul = i.last) :
     NAs introduced by coercion to integer range
    Error in grouprunningcumsumindex(x = rambytes[i], max = BATCHBYTES, currentcumul = i.last) :
     NAs in foreign function call (arg 3)
    Calls: expand.ffgrid ... ffrep.int -> ff -> ffrep.int -> grouprunningcumsumindex
    Execution halted
Flavors: r-devel-windows-x86_64, r-devel-windows-x86_64-gcc10-UCRT