CRAN Package Check Results for Package ff

Last updated on 2021-09-22 20:49:35 CEST.

Flavor Version Tinstall Tcheck Ttotal Status Flags
r-devel-linux-x86_64-debian-clang 4.0.4 55.93 105.00 160.93 OK
r-devel-linux-x86_64-debian-gcc 4.0.4 39.52 78.09 117.61 OK
r-devel-linux-x86_64-fedora-clang 4.0.4 193.54 OK
r-devel-linux-x86_64-fedora-gcc 4.0.4 180.90 OK
r-devel-windows-x86_64 4.0.4 57.00 103.00 160.00 ERROR
r-devel-windows-x86_64-gcc10-UCRT 4.0.4 ERROR
r-patched-linux-x86_64 4.0.4 56.35 103.93 160.28 OK
r-patched-solaris-x86 4.0.4 236.80 OK
r-release-linux-x86_64 4.0.4 51.57 103.14 154.71 OK
r-release-macos-arm64 4.0.4 OK
r-release-macos-x86_64 4.0.4 OK
r-release-windows-ix86+x86_64 4.0.4 113.00 133.00 246.00 OK
r-oldrel-macos-x86_64 4.0.4 OK
r-oldrel-windows-ix86+x86_64 4.0.4 107.00 134.00 241.00 OK

Check Details

Version: 4.0.4
Check: whether package can be installed
Result: WARN
    Found the following significant warnings:
     Warning: 'memory.limit()' is no longer supported
Flavor: r-devel-windows-x86_64

Version: 4.0.4
Check: whether the namespace can be loaded with stated dependencies
Result: NOTE
    Warning: 'memory.limit()' is no longer supported
    Warning: 'memory.limit()' is no longer supported
    
    A namespace must be able to be loaded with just the base namespace
    loaded: otherwise if the namespace gets loaded by a saved object, the
    session will be unable to start.
    
    Probably some imports need to be declared in the NAMESPACE file.
Flavor: r-devel-windows-x86_64

Version: 4.0.4
Check: examples
Result: ERROR
    Running examples in 'ff-Ex.R' failed
    The error most likely occurred in:
    
    > ### Name: write.table.ffdf
    > ### Title: Exporting csv files from ff data.frames
    > ### Aliases: write.table.ffdf write.csv.ffdf write.csv2.ffdf write.csv
    > ### write.csv2
    > ### Keywords: IO file connection
    >
    > ### ** Examples
    >
    > x <- data.frame(log=rep(c(FALSE, TRUE), length.out=26), int=1:26, dbl=1:26 + 0.1
    + , fac=factor(letters), ord=ordered(LETTERS), dct=Sys.time()+1:26
    + , dat=seq(as.Date("1910/1/1"), length.out=26, by=1), stringsAsFactors = TRUE)
    > ffx <- as.ffdf(x)
    >
    > csvfile <- tempPathFile(path=getOption("fftempdir"), extension="csv")
    >
    > write.csv.ffdf(ffx, file=csvfile)
    Warning in N + next.rows : NAs produced by integer overflow
    Error in if (N + next.rows > nrows) next.rows <- nrows - N :
     missing value where TRUE/FALSE needed
    Calls: write.csv.ffdf -> write.table.ffdf
    Execution halted
Flavor: r-devel-windows-x86_64

Version: 4.0.4
Check: whether package can be installed
Result: ERROR
    Installation failed.
Flavor: r-devel-windows-x86_64-gcc10-UCRT