CRAN Package Check Results for Package fedstatAPIr

Last updated on 2024-02-24 19:50:38 CET.

Flavor Version Tinstall Tcheck Ttotal Status Flags
r-devel-linux-x86_64-debian-clang 1.0.3 3.84 32.19 36.03 OK
r-devel-linux-x86_64-debian-gcc 1.0.3 2.85 24.76 27.61 OK
r-devel-linux-x86_64-fedora-clang 1.0.3 44.38 NOTE
r-devel-linux-x86_64-fedora-gcc 1.0.3 41.87 NOTE
r-devel-windows-x86_64 1.0.3 5.00 47.00 52.00 OK
r-patched-linux-x86_64 1.0.3 4.43 31.38 35.81 OK
r-release-linux-x86_64 1.0.3 3.56 31.20 34.76 OK
r-release-macos-arm64 1.0.3 20.00 OK
r-release-macos-x86_64 1.0.3 25.00 OK
r-release-windows-x86_64 1.0.3 6.00 49.00 55.00 OK
r-oldrel-macos-arm64 1.0.3 23.00 OK
r-oldrel-windows-x86_64 1.0.3 7.00 51.00 58.00 OK

Check Details

Version: 1.0.3
Check: data for non-ASCII characters
Result: NOTE Note: found 43825 marked UTF-8 strings Flavors: r-devel-linux-x86_64-fedora-clang, r-devel-linux-x86_64-fedora-gcc