CRAN Package Check Results for Package featurefinder

Last updated on 2022-05-18 21:53:15 CEST.

Flavor Version Tinstall Tcheck Ttotal Status Flags
r-devel-linux-x86_64-debian-clang 1.1 3.16 46.39 49.55 NOTE
r-devel-linux-x86_64-debian-gcc 1.1 2.37 34.88 37.25 NOTE
r-devel-linux-x86_64-fedora-clang 1.1 57.81 NOTE
r-devel-linux-x86_64-fedora-gcc 1.1 57.05 NOTE
r-devel-windows-x86_64 1.1 56.00 67.00 123.00 OK
r-patched-linux-x86_64 1.1 3.60 44.67 48.27 NOTE
r-release-linux-x86_64 1.1 2.80 43.62 46.42 NOTE
r-release-macos-arm64 1.1 20.00 OK
r-release-macos-x86_64 1.1 28.00 OK
r-release-windows-x86_64 1.1 68.00 82.00 150.00 OK
r-oldrel-macos-arm64 1.1 27.00 OK
r-oldrel-macos-x86_64 1.1 37.00 OK
r-oldrel-windows-ix86+x86_64 1.1 7.00 51.00 58.00 OK

Check Details

Version: 1.1
Check: for non-standard things in the check directory
Result: NOTE
    Found the following files/directories:
     'treesAll.txt'
Flavors: r-devel-linux-x86_64-debian-clang, r-devel-linux-x86_64-debian-gcc, r-devel-linux-x86_64-fedora-clang, r-devel-linux-x86_64-fedora-gcc, r-patched-linux-x86_64, r-release-linux-x86_64