Last updated on 2023-03-24 07:54:40 CET.
Flavor | Version | Tinstall | Tcheck | Ttotal | Status | Flags |
---|---|---|---|---|---|---|
r-devel-linux-x86_64-debian-clang | 0.9.8 | 23.42 | 209.04 | 232.46 | OK | |
r-devel-linux-x86_64-debian-gcc | 0.9.8 | 18.51 | 156.82 | 175.33 | OK | |
r-devel-linux-x86_64-fedora-clang | 0.9.8 | 299.40 | NOTE | |||
r-devel-linux-x86_64-fedora-gcc | 0.9.8 | 295.43 | NOTE | |||
r-patched-linux-x86_64 | 0.9.8 | 24.23 | 197.24 | 221.47 | OK | |
r-release-linux-x86_64 | 0.9.8 | 22.53 | 197.32 | 219.85 | OK | |
r-release-macos-arm64 | 0.9.8 | 75.00 | NOTE | |||
r-release-macos-x86_64 | 0.9.8 | 103.00 | NOTE | |||
r-release-windows-x86_64 | 0.9.8 | 109.00 | 286.00 | 395.00 | OK | |
r-oldrel-macos-arm64 | 0.9.8 | 72.00 | NOTE | |||
r-oldrel-macos-x86_64 | 0.9.8 | 101.00 | NOTE | |||
r-oldrel-windows-ix86+x86_64 | 0.9.8 | 48.00 | 265.00 | 313.00 | OK |
Version: 0.9.8
Check: data for non-ASCII characters
Result: NOTE
Note: found 3 marked Latin-1 strings
Note: found 3 marked UTF-8 strings
Flavors: r-devel-linux-x86_64-fedora-clang, r-devel-linux-x86_64-fedora-gcc, r-release-macos-arm64, r-release-macos-x86_64, r-oldrel-macos-arm64, r-oldrel-macos-x86_64