CRAN Package Check Results for Package fdistr

Last updated on 2021-09-27 08:49:34 CEST.

Flavor Version Tinstall Tcheck Ttotal Status Flags
r-devel-linux-x86_64-debian-clang 0.1.0 4.63 48.59 53.22 OK
r-devel-linux-x86_64-debian-gcc 0.1.0 3.79 36.82 40.61 OK
r-devel-linux-x86_64-fedora-clang 0.1.0 73.22 NOTE
r-devel-linux-x86_64-fedora-gcc 0.1.0 59.78 NOTE
r-devel-windows-x86_64 0.1.0 5.00 48.00 53.00 OK
r-devel-windows-x86_64-gcc10-UCRT 0.1.0 NOTE
r-patched-linux-x86_64 0.1.0 4.56 45.10 49.66 OK
r-patched-solaris-x86 0.1.0 90.50 NOTE
r-release-linux-x86_64 0.1.0 3.79 45.67 49.46 OK
r-release-macos-arm64 0.1.0 NOTE
r-release-macos-x86_64 0.1.0 NOTE
r-release-windows-ix86+x86_64 0.1.0 13.00 47.00 60.00 OK
r-oldrel-macos-x86_64 0.1.0 NOTE
r-oldrel-windows-ix86+x86_64 0.1.0 10.00 51.00 61.00 OK

Check Details

Version: 0.1.0
Check: dependencies in R code
Result: NOTE
    Namespaces in Imports field not imported from:
     ‘usethis’ ‘utils’
     All declared Imports should be used.
Flavors: r-devel-linux-x86_64-fedora-clang, r-devel-linux-x86_64-fedora-gcc, r-devel-windows-x86_64-gcc10-UCRT, r-patched-solaris-x86, r-release-macos-arm64, r-release-macos-x86_64, r-oldrel-macos-x86_64

Version: 0.1.0
Check: data for non-ASCII characters
Result: NOTE
     Note: found 1 marked Latin-1 string
Flavors: r-devel-linux-x86_64-fedora-clang, r-devel-linux-x86_64-fedora-gcc, r-devel-windows-x86_64-gcc10-UCRT, r-patched-solaris-x86, r-release-macos-arm64, r-release-macos-x86_64, r-oldrel-macos-x86_64