CRAN Package Check Results for Package fdcov

Last updated on 2020-10-01 20:47:26 CEST.

Flavor Version Tinstall Tcheck Ttotal Status Flags
r-devel-linux-x86_64-debian-clang 1.1.0 3.69 631.49 635.18 WARN
r-devel-linux-x86_64-debian-gcc 1.1.0 2.57 569.72 572.29 OK
r-devel-linux-x86_64-fedora-clang 1.1.0 864.71 OK
r-devel-linux-x86_64-fedora-gcc 1.1.0 865.28 OK
r-devel-windows-ix86+x86_64 1.1.0 6.00 771.00 777.00 OK
r-patched-linux-x86_64 1.1.0 3.13 629.42 632.55 WARN
r-patched-solaris-x86 1.1.0 1503.50 OK
r-release-linux-x86_64 1.1.0 3.06 628.55 631.61 WARN
r-release-macos-x86_64 1.1.0 OK
r-release-windows-ix86+x86_64 1.1.0 20.00 816.00 836.00 OK
r-oldrel-macos-x86_64 1.1.0 FAIL
r-oldrel-windows-ix86+x86_64 1.1.0 5.00 702.00 707.00 OK

Check Details

Version: 1.1.0
Check: re-building of vignette outputs
Result: WARN
    Error(s) in re-building vignettes:
     ...
    --- re-building 'vignette.Rmd' using rmarkdown
    Warning in engine$weave(file, quiet = quiet, encoding = enc) :
     The vignette engine knitr::rmarkdown is not available because the rmarkdown package is not available. Did you forget to add it to Suggests in DESCRIPTION? Please see https://github.com/yihui/knitr/issues/1864 for more information.
    Loading required package: rainbow
    Loading required package: MASS
    Loading required package: pcaPP
    Loading required package: RCurl
    Killed
Flavors: r-devel-linux-x86_64-debian-clang, r-patched-linux-x86_64, r-release-linux-x86_64

Version: 1.1.0
Check: re-building of vignette outputs
Result: WARN
    Error(s) in re-building vignettes:
     ...
    --- re-building ‘vignette.Rmd’ using rmarkdown
    Warning in engine$weave(file, quiet = quiet, encoding = enc) :
     Pandoc (>= 1.12.3) and/or pandoc-citeproc not available. Falling back to R Markdown v1.
    Loading required package: rainbow
    Loading required package: MASS
    Loading required package: pcaPP
    Loading required package: RCurl
    Loading required package: bitops
    
    Execution halted
Flavor: r-oldrel-macos-x86_64

Version: 1.1.0
Check: PDF version of manual
Result: FAIL
Flavor: r-oldrel-macos-x86_64