CRAN Package Check Results for Package fdapace

Last updated on 2021-11-27 19:49:33 CET.

Flavor Version Tinstall Tcheck Ttotal Status Flags
r-devel-linux-x86_64-debian-clang 0.5.8 OK
r-devel-linux-x86_64-debian-gcc 0.5.8 223.75 159.12 382.87 OK
r-devel-linux-x86_64-fedora-clang 0.5.8 770.17 NOTE
r-devel-linux-x86_64-fedora-gcc 0.5.8 708.97 OK
r-devel-windows-x86_64-new-UL 0.5.8 372.00 396.00 768.00 OK
r-devel-windows-x86_64-new-TK 0.5.7 OK
r-devel-windows-x86_64-old 0.5.8 231.00 292.00 523.00 OK
r-patched-linux-x86_64 0.5.8 216.86 209.98 426.84 OK
r-patched-solaris-x86 0.5.8 542.20 OK
r-release-linux-x86_64 0.5.8 OK
r-release-macos-arm64 0.5.8 NOTE
r-release-macos-x86_64 0.5.8 NOTE
r-release-windows-ix86+x86_64 0.5.8 625.00 351.00 976.00 OK
r-oldrel-macos-x86_64 0.5.8 NOTE
r-oldrel-windows-ix86+x86_64 0.5.8 435.00 248.00 683.00 OK

Check Details

Version: 0.5.8
Check: installed package size
Result: NOTE
     installed size is 42.2Mb
     sub-directories of 1Mb or more:
     doc 1.0Mb
     libs 40.4Mb
Flavors: r-devel-linux-x86_64-fedora-clang, r-release-macos-arm64, r-release-macos-x86_64, r-oldrel-macos-x86_64