CRAN Package Check Results for Package fcuk

Last updated on 2021-09-27 08:49:34 CEST.

Flavor Version Tinstall Tcheck Ttotal Status Flags
r-devel-linux-x86_64-debian-clang 0.1.21 3.30 46.52 49.82 NOTE
r-devel-linux-x86_64-debian-gcc 0.1.21 2.49 35.04 37.53 NOTE
r-devel-linux-x86_64-fedora-clang 0.1.21 68.05 NOTE
r-devel-linux-x86_64-fedora-gcc 0.1.21 67.85 NOTE
r-devel-windows-x86_64 0.1.21 4.00 56.00 60.00 NOTE
r-devel-windows-x86_64-gcc10-UCRT 0.1.21 NOTE
r-patched-linux-x86_64 0.1.21 3.09 34.04 37.13 NOTE
r-patched-solaris-x86 0.1.21 68.00 NOTE
r-release-linux-x86_64 0.1.21 3.04 34.43 37.47 NOTE
r-release-macos-arm64 0.1.21 NOTE
r-release-macos-x86_64 0.1.21 NOTE
r-release-windows-ix86+x86_64 0.1.21 7.00 38.00 45.00 NOTE
r-oldrel-macos-x86_64 0.1.21 OK
r-oldrel-windows-ix86+x86_64 0.1.21 6.00 41.00 47.00 OK

Check Details

Version: 0.1.21
Check: LazyData
Result: NOTE
     'LazyData' is specified without a 'data' directory
Flavors: r-devel-linux-x86_64-debian-clang, r-devel-linux-x86_64-debian-gcc, r-devel-linux-x86_64-fedora-clang, r-devel-linux-x86_64-fedora-gcc, r-devel-windows-x86_64, r-devel-windows-x86_64-gcc10-UCRT, r-patched-linux-x86_64, r-patched-solaris-x86, r-release-linux-x86_64, r-release-macos-arm64, r-release-macos-x86_64, r-release-windows-ix86+x86_64

Version: 0.1.21
Check: for non-standard things in the check directory
Result: NOTE
    Found the following files/directories:
     '.Rprofile'
Flavors: r-devel-linux-x86_64-debian-clang, r-devel-linux-x86_64-debian-gcc, r-devel-linux-x86_64-fedora-clang, r-devel-linux-x86_64-fedora-gcc, r-patched-linux-x86_64, r-patched-solaris-x86, r-release-linux-x86_64