Last updated on 2023-01-26 19:49:27 CET.
Flavor | Version | Tinstall | Tcheck | Ttotal | Status | Flags |
---|---|---|---|---|---|---|
r-devel-linux-x86_64-debian-clang | 0.1.2 | 6.96 | 96.83 | 103.79 | NOTE | |
r-devel-linux-x86_64-debian-gcc | 0.1.2 | 5.11 | 69.38 | 74.49 | NOTE | |
r-devel-linux-x86_64-fedora-clang | 0.1.2 | 118.61 | NOTE | |||
r-devel-linux-x86_64-fedora-gcc | 0.1.2 | 115.62 | NOTE | |||
r-devel-windows-x86_64 | 0.1.2 | 34.00 | 131.00 | 165.00 | NOTE | |
r-patched-linux-x86_64 | 0.1.2 | 6.04 | 91.62 | 97.66 | NOTE | |
r-release-linux-x86_64 | 0.1.2 | 5.76 | 92.86 | 98.62 | NOTE | |
r-release-macos-arm64 | 0.1.2 | 41.00 | NOTE | |||
r-release-macos-x86_64 | 0.1.2 | 71.00 | NOTE | |||
r-release-windows-x86_64 | 0.1.2 | 12.00 | 138.00 | 150.00 | NOTE | |
r-oldrel-macos-arm64 | 0.1.2 | 46.00 | NOTE | |||
r-oldrel-macos-x86_64 | 0.1.2 | 53.00 | NOTE | |||
r-oldrel-windows-ix86+x86_64 | 0.1.2 | 16.00 | 127.00 | 143.00 | NOTE |
Version: 0.1.2
Check: LazyData
Result: NOTE
'LazyData' is specified without a 'data' directory
Flavors: r-devel-linux-x86_64-debian-clang, r-devel-linux-x86_64-debian-gcc, r-devel-linux-x86_64-fedora-clang, r-devel-linux-x86_64-fedora-gcc, r-devel-windows-x86_64, r-patched-linux-x86_64, r-release-linux-x86_64, r-release-macos-arm64, r-release-macos-x86_64, r-release-windows-x86_64, r-oldrel-macos-arm64, r-oldrel-macos-x86_64, r-oldrel-windows-ix86+x86_64