CRAN Package Check Results for Package fastmit

Last updated on 2021-09-22 08:50:07 CEST.

Flavor Version Tinstall Tcheck Ttotal Status Flags
r-devel-linux-x86_64-debian-clang 0.1.1 79.65 28.65 108.30 NOTE
r-devel-linux-x86_64-debian-gcc 0.1.1 50.52 22.53 73.05 NOTE
r-devel-linux-x86_64-fedora-clang 0.1.1 159.74 NOTE
r-devel-linux-x86_64-fedora-gcc 0.1.1 135.79 NOTE
r-devel-windows-x86_64 0.1.1 40.00 48.00 88.00 NOTE
r-devel-windows-x86_64-gcc10-UCRT 0.1.1 ERROR
r-patched-linux-x86_64 0.1.1 59.81 27.60 87.41 NOTE
r-patched-solaris-x86 0.1.1 133.90 NOTE
r-release-linux-x86_64 0.1.1 67.35 28.05 95.40 NOTE
r-release-macos-arm64 0.1.1 NOTE
r-release-macos-x86_64 0.1.1 NOTE
r-release-windows-ix86+x86_64 0.1.1 100.00 61.00 161.00 NOTE
r-oldrel-macos-x86_64 0.1.1 OK
r-oldrel-windows-ix86+x86_64 0.1.1 73.00 55.00 128.00 OK

Check Details

Version: 0.1.1
Check: LazyData
Result: NOTE
     'LazyData' is specified without a 'data' directory
Flavors: r-devel-linux-x86_64-debian-clang, r-devel-linux-x86_64-debian-gcc, r-devel-linux-x86_64-fedora-clang, r-devel-linux-x86_64-fedora-gcc, r-devel-windows-x86_64, r-patched-linux-x86_64, r-patched-solaris-x86, r-release-linux-x86_64, r-release-macos-arm64, r-release-macos-x86_64, r-release-windows-ix86+x86_64

Version: 0.1.1
Check: whether package can be installed
Result: ERROR
    Installation failed.
Flavor: r-devel-windows-x86_64-gcc10-UCRT