CRAN Package Check Results for Package fasterElasticNet

Last updated on 2021-09-22 08:50:07 CEST.

Flavor Version Tinstall Tcheck Ttotal Status Flags
r-devel-linux-x86_64-debian-clang 1.1.2 61.91 29.98 91.89 OK
r-devel-linux-x86_64-debian-gcc 1.1.2 41.74 23.95 65.69 OK
r-devel-linux-x86_64-fedora-clang 1.1.2 136.15 NOTE
r-devel-linux-x86_64-fedora-gcc 1.1.2 115.77 OK
r-devel-windows-x86_64 1.1.2 59.00 48.00 107.00 OK
r-devel-windows-x86_64-gcc10-UCRT 1.1.2 ERROR
r-patched-linux-x86_64 1.1.2 50.74 29.55 80.29 OK
r-patched-solaris-x86 1.1.2 121.50 OK
r-release-linux-x86_64 1.1.2 54.41 29.54 83.95 OK
r-release-macos-arm64 1.1.2 NOTE
r-release-macos-x86_64 1.1.2 NOTE
r-release-windows-ix86+x86_64 1.1.2 146.00 58.00 204.00 NOTE
r-oldrel-macos-x86_64 1.1.2 NOTE
r-oldrel-windows-ix86+x86_64 1.1.2 117.00 58.00 175.00 NOTE

Check Details

Version: 1.1.2
Check: installed package size
Result: NOTE
     installed size is 5.1Mb
     sub-directories of 1Mb or more:
     data 3.1Mb
     libs 1.9Mb
Flavors: r-devel-linux-x86_64-fedora-clang, r-release-macos-arm64, r-release-macos-x86_64, r-release-windows-ix86+x86_64, r-oldrel-macos-x86_64, r-oldrel-windows-ix86+x86_64

Version: 1.1.2
Check: whether package can be installed
Result: ERROR
    Installation failed.
Flavor: r-devel-windows-x86_64-gcc10-UCRT