CRAN Package Check Results for Package fastclime

Last updated on 2020-07-14 09:50:28 CEST.

Flavor Version Tinstall Tcheck Ttotal Status Flags
r-devel-linux-x86_64-debian-clang 1.4.1 11.74 80.91 92.65 NOTE
r-devel-linux-x86_64-debian-gcc 1.4.1 9.23 64.98 74.21 NOTE
r-devel-linux-x86_64-fedora-clang 1.4.1 120.07 NOTE
r-devel-linux-x86_64-fedora-gcc 1.4.1 116.46 NOTE
r-devel-windows-ix86+x86_64 1.4.1 35.00 168.00 203.00 OK
r-patched-linux-x86_64 1.4.1 11.31 79.81 91.12 NOTE
r-patched-solaris-x86 1.4.1 172.90 NOTE
r-release-linux-x86_64 1.4.1 12.16 78.76 90.92 NOTE
r-release-macos-x86_64 1.4.1 ERROR
r-release-windows-ix86+x86_64 1.4.1 37.00 130.00 167.00 OK
r-oldrel-macos-x86_64 1.4.1 OK
r-oldrel-windows-ix86+x86_64 1.4.1 32.00 164.00 196.00 OK

Check Details

Version: 1.4.1
Check: for non-standard things in the check directory
Result: NOTE
    Found the following files/directories:
     'default5.eps'
Flavors: r-devel-linux-x86_64-debian-clang, r-devel-linux-x86_64-debian-gcc, r-devel-linux-x86_64-fedora-clang, r-devel-linux-x86_64-fedora-gcc, r-patched-linux-x86_64, r-patched-solaris-x86, r-release-linux-x86_64

Version: 1.4.1
Check: compiled code
Result: NOTE
    File ‘fastclime/libs/fastclime.so’:
     Found no calls to: ‘R_registerRoutines’, ‘R_useDynamicSymbols’
    
    It is good practice to register native routines and to disable symbol
    search.
    
    See ‘Writing portable packages’ in the ‘Writing R Extensions’ manual.
Flavors: r-devel-linux-x86_64-fedora-clang, r-devel-linux-x86_64-fedora-gcc

Version: 1.4.1
Check: whether package can be installed
Result: ERROR
    Installation failed.
Flavor: r-release-macos-x86_64