CRAN Package Check Results for Package fastai

Last updated on 2024-02-26 19:50:08 CET.

Flavor Version Tinstall Tcheck Ttotal Status Flags
r-devel-linux-x86_64-debian-clang 2.2.1 26.29 276.42 302.71 NOTE
r-devel-linux-x86_64-debian-gcc 2.2.1 22.79 212.70 235.49 NOTE
r-devel-linux-x86_64-fedora-clang 2.2.1 405.13 NOTE
r-devel-linux-x86_64-fedora-gcc 2.2.1 388.25 OK
r-devel-windows-x86_64 2.2.1 91.00 972.00 1063.00 NOTE
r-patched-linux-x86_64 2.2.1 41.87 279.15 321.02 OK
r-release-linux-x86_64 2.2.1 24.32 273.85 298.17 OK
r-release-macos-arm64 2.2.1 145.00 NOTE
r-release-macos-x86_64 2.2.1 201.00 NOTE
r-release-windows-x86_64 2.2.1 67.00 707.00 774.00 NOTE
r-oldrel-macos-arm64 2.2.1 73.00 NOTE
r-oldrel-windows-x86_64 2.2.1 66.00 518.00 584.00 NOTE

Check Details

Version: 2.2.1
Check: Rd files
Result: NOTE checkRd: (-1) icevision_IAAAffine.Rd:50: Lost braces; missing escapes or markup? 50 | via affine transformations. Note: This class introduce interpolation artifacts to mask if it has values other than {0;1} | ^ checkRd: (-1) icevision_IAAPerspective.Rd:30: Lost braces; missing escapes or markup? 30 | Note: This class introduce interpolation artifacts to mask if it has values other than {0;1} | ^ checkRd: (-1) icevision_IAAPiecewiseAffine.Rd:42: Lost braces; missing escapes or markup? 42 | via affine transformations. Note: This class introduce interpolation artifacts to mask if it has values other than {0;1} | ^ Flavors: r-devel-linux-x86_64-debian-clang, r-devel-linux-x86_64-debian-gcc, r-devel-linux-x86_64-fedora-clang

Version: 2.2.1
Check: installed package size
Result: NOTE installed size is 5.2Mb sub-directories of 1Mb or more: doc 3.0Mb help 1.2Mb Flavors: r-devel-linux-x86_64-fedora-clang, r-devel-windows-x86_64, r-release-macos-arm64, r-release-macos-x86_64, r-release-windows-x86_64, r-oldrel-macos-arm64, r-oldrel-windows-x86_64

Version: 2.2.1
Check: whether the namespace can be loaded with stated dependencies
Result: NOTE Warning in py_initialize(config$python, config$libpython, config$pythonhome, : Python 2 reached EOL on January 1, 2020. Python 2 compatability be removed in an upcoming reticulate release. A namespace must be able to be loaded with just the base namespace loaded: otherwise if the namespace gets loaded by a saved object, the session will be unable to start. Probably some imports need to be declared in the NAMESPACE file. Flavors: r-release-macos-arm64, r-oldrel-macos-arm64