CRAN Package Check Results for Package fastSOM

Last updated on 2021-09-22 08:50:07 CEST.

Flavor Version Tinstall Tcheck Ttotal Status Flags
r-devel-linux-x86_64-debian-clang 1.0.1 4.30 28.05 32.35 OK
r-devel-linux-x86_64-debian-gcc 1.0.1 3.56 21.71 25.27 OK
r-devel-linux-x86_64-fedora-clang 1.0.1 48.44 OK
r-devel-linux-x86_64-fedora-gcc 1.0.1 37.56 OK
r-devel-windows-x86_64 1.0.1 7.00 36.00 43.00 OK
r-devel-windows-x86_64-gcc10-UCRT 1.0.1 ERROR
r-patched-linux-x86_64 1.0.1 3.95 26.90 30.85 OK
r-patched-solaris-x86 1.0.1 62.00 OK
r-release-linux-x86_64 1.0.1 4.14 27.23 31.37 OK
r-release-macos-arm64 1.0.1 OK
r-release-macos-x86_64 1.0.1 OK
r-release-windows-ix86+x86_64 1.0.1 13.00 39.00 52.00 OK
r-oldrel-macos-x86_64 1.0.1 OK
r-oldrel-windows-ix86+x86_64 1.0.1 12.00 38.00 50.00 OK

Check Details

Version: 1.0.1
Check: whether package can be installed
Result: ERROR
    Installation failed.
Flavor: r-devel-windows-x86_64-gcc10-UCRT