CRAN Package Check Results for Package fastM

Last updated on 2021-09-18 20:51:54 CEST.

Flavor Version Tinstall Tcheck Ttotal Status Flags
r-devel-linux-x86_64-debian-clang 0.0-4 35.35 30.43 65.78 OK
r-devel-linux-x86_64-debian-gcc 0.0-4 22.17 23.95 46.12 OK
r-devel-linux-x86_64-fedora-clang 0.0-4 97.86 NOTE
r-devel-linux-x86_64-fedora-gcc 0.0-4 76.07 OK
r-devel-windows-x86_64 0.0-4 33.00 60.00 93.00 OK
r-devel-windows-x86_64-gcc10-UCRT 0.0-4 OK
r-patched-linux-x86_64 0.0-4 27.29 29.71 57.00 OK
r-patched-solaris-x86 0.0-4 91.60 OK
r-release-linux-x86_64 0.0-4 25.75 29.74 55.49 OK
r-release-macos-arm64 0.0-4 OK
r-release-macos-x86_64 0.0-4 OK
r-release-windows-ix86+x86_64 0.0-4 79.00 57.00 136.00 OK
r-oldrel-macos-x86_64 0.0-4 OK
r-oldrel-windows-ix86+x86_64 0.0-4 76.00 56.00 132.00 OK

Check Details

Version: 0.0-4
Check: Rd cross-references
Result: NOTE
    Undeclared packages ‘ICSNP’, ‘ICS’ in Rd xrefs
Flavor: r-devel-linux-x86_64-fedora-clang