CRAN Package Check Results for Package fasjem

Last updated on 2020-07-14 09:50:28 CEST.

Flavor Version Tinstall Tcheck Ttotal Status Flags
r-devel-linux-x86_64-debian-clang 1.1.2 2.56 31.55 34.11 OK
r-devel-linux-x86_64-debian-gcc 1.1.2 2.00 24.30 26.30 OK
r-devel-linux-x86_64-fedora-clang 1.1.2 49.47 OK
r-devel-linux-x86_64-fedora-gcc 1.1.2 41.26 OK
r-devel-windows-ix86+x86_64 1.1.2 8.00 56.00 64.00 OK
r-patched-linux-x86_64 1.1.2 2.80 31.60 34.40 OK
r-patched-solaris-x86 1.1.2 66.00 OK
r-release-linux-x86_64 1.1.2 2.60 31.31 33.91 OK
r-release-macos-x86_64 1.1.2 ERROR
r-release-windows-ix86+x86_64 1.1.2 7.00 43.00 50.00 OK
r-oldrel-macos-x86_64 1.1.2 OK
r-oldrel-windows-ix86+x86_64 1.1.2 6.00 56.00 62.00 OK

Check Details

Version: 1.1.2
Check: whether package can be installed
Result: ERROR
    Installation failed.
Flavor: r-release-macos-x86_64