Last updated on 2023-10-03 09:08:17 CEST.
Flavor | Version | Tinstall | Tcheck | Ttotal | Status | Flags |
---|---|---|---|---|---|---|
r-devel-linux-x86_64-debian-clang | 2.2.1 | 37.31 | 202.74 | 240.05 | NOTE | |
r-devel-linux-x86_64-debian-gcc | 2.2.1 | 26.26 | 156.09 | 182.35 | NOTE | |
r-devel-linux-x86_64-fedora-clang | 2.2.1 | 301.85 | NOTE | |||
r-devel-linux-x86_64-fedora-gcc | 2.2.1 | 303.25 | NOTE | |||
r-devel-windows-x86_64 | 2.2.1 | 29.00 | 217.00 | 246.00 | NOTE | |
r-patched-linux-x86_64 | 2.2.1 | 36.66 | 167.42 | 204.08 | NOTE | |
r-release-linux-x86_64 | 2.2.1 | 39.92 | 177.25 | 217.17 | NOTE | |
r-release-macos-arm64 | 2.2.1 | 111.00 | NOTE | |||
r-release-macos-x86_64 | 2.2.1 | 284.00 | NOTE | |||
r-release-windows-x86_64 | 2.2.1 | 31.00 | 261.00 | 292.00 | NOTE | |
r-oldrel-macos-arm64 | 2.2.1 | 111.00 | NOTE | |||
r-oldrel-macos-x86_64 | 2.2.1 | 132.00 | NOTE | |||
r-oldrel-windows-x86_64 | 2.2.1 | 43.00 | 264.00 | 307.00 | NOTE |
Version: 2.2.1
Check: for GNU extensions in Makefiles
Result: NOTE
GNU make is a SystemRequirements.
Flavors: r-devel-linux-x86_64-debian-clang, r-devel-linux-x86_64-debian-gcc, r-devel-linux-x86_64-fedora-clang, r-devel-linux-x86_64-fedora-gcc, r-devel-windows-x86_64, r-patched-linux-x86_64, r-release-linux-x86_64, r-release-macos-arm64, r-release-macos-x86_64, r-release-windows-x86_64, r-oldrel-macos-arm64, r-oldrel-macos-x86_64, r-oldrel-windows-x86_64