CRAN Package Check Results for Package farver

Last updated on 2021-10-26 20:50:52 CEST.

Flavor Version Tinstall Tcheck Ttotal Status Flags
r-devel-linux-x86_64-debian-clang 2.1.0 30.25 22.87 53.12 OK
r-devel-linux-x86_64-debian-gcc 2.1.0 29.90 18.14 48.04 OK
r-devel-linux-x86_64-fedora-clang 2.1.0 89.03 NOTE
r-devel-linux-x86_64-fedora-gcc 2.1.0 81.16 OK
r-devel-windows-x86_64 2.1.0 43.00 49.00 92.00 OK
r-devel-windows-x86_64-gcc10-UCRT 2.1.0 OK
r-patched-linux-x86_64 2.1.0 33.80 22.08 55.88 OK
r-patched-solaris-x86 2.1.0 130.20 OK
r-release-linux-x86_64 2.1.0 32.07 21.90 53.97 OK
r-release-macos-arm64 2.1.0 NOTE
r-release-macos-x86_64 2.1.0 OK
r-release-windows-ix86+x86_64 2.1.0 77.00 58.00 135.00 OK
r-oldrel-macos-x86_64 2.1.0 OK
r-oldrel-windows-ix86+x86_64 2.1.0 104.00 62.00 166.00 OK

Check Details

Version: 2.1.0
Check: installed package size
Result: NOTE
     installed size is 5.5Mb
     sub-directories of 1Mb or more:
     help 1.6Mb
     libs 3.8Mb
Flavors: r-devel-linux-x86_64-fedora-clang, r-release-macos-arm64