CRAN Package Check Results for Package factorMerger

Last updated on 2020-01-25 08:49:54 CET.

Flavor Version Tinstall Tcheck Ttotal Status Flags
r-devel-linux-x86_64-debian-clang 0.4.0 13.15 164.21 177.36 OK
r-devel-linux-x86_64-debian-gcc 0.4.0 11.58 124.93 136.51 OK
r-devel-linux-x86_64-fedora-clang 0.4.0 217.22 NOTE
r-devel-linux-x86_64-fedora-gcc 0.4.0 202.09 NOTE
r-devel-windows-ix86+x86_64 0.4.0 36.00 223.00 259.00 OK
r-devel-windows-ix86+x86_64-gcc8 0.4.0 63.00 201.00 264.00 OK
r-patched-linux-x86_64 0.4.0 11.98 143.34 155.32 OK
r-patched-solaris-x86 0.4.0 285.10 NOTE
r-release-linux-x86_64 0.4.0 11.59 144.29 155.88 OK
r-release-windows-ix86+x86_64 0.4.0 31.00 177.00 208.00 OK
r-release-osx-x86_64 0.4.0 NOTE
r-oldrel-windows-ix86+x86_64 0.4.0 18.00 172.00 190.00 OK
r-oldrel-osx-x86_64 0.4.0 NOTE

Check Details

Version: 0.4.0
Check: dependencies in R code
Result: NOTE
    Namespaces in Imports field not imported from:
     ‘forcats’ ‘formula.tools’
     All declared Imports should be used.
Flavors: r-devel-linux-x86_64-fedora-clang, r-devel-linux-x86_64-fedora-gcc, r-patched-solaris-x86, r-release-osx-x86_64, r-oldrel-osx-x86_64