CRAN Package Check Results for Package factorMerger

Last updated on 2019-08-23 10:48:12 CEST.

Flavor Version Tinstall Tcheck Ttotal Status Flags
r-devel-linux-x86_64-debian-clang 0.4.0 12.99 172.74 185.73 OK
r-devel-linux-x86_64-debian-gcc 0.4.0 12.20 134.32 146.52 OK
r-devel-linux-x86_64-fedora-clang 0.4.0 221.85 NOTE
r-devel-linux-x86_64-fedora-gcc 0.4.0 225.02 NOTE
r-devel-windows-ix86+x86_64 0.4.0 33.00 177.00 210.00 OK
r-patched-linux-x86_64 0.4.0 14.59 166.87 181.46 OK
r-patched-solaris-x86 0.4.0 341.30 NOTE
r-release-linux-x86_64 0.4.0 13.04 166.14 179.18 OK
r-release-windows-ix86+x86_64 0.4.0 63.00 258.00 321.00 OK
r-release-osx-x86_64 0.4.0 NOTE
r-oldrel-windows-ix86+x86_64 0.4.0 33.00 251.00 284.00 OK
r-oldrel-osx-x86_64 0.4.0 NOTE

Check Details

Version: 0.4.0
Check: dependencies in R code
Result: NOTE
    Namespaces in Imports field not imported from:
     ‘forcats’ ‘formula.tools’
     All declared Imports should be used.
Flavors: r-devel-linux-x86_64-fedora-clang, r-devel-linux-x86_64-fedora-gcc, r-patched-solaris-x86, r-release-osx-x86_64, r-oldrel-osx-x86_64