Last updated on 2023-01-26 19:49:27 CET.
Flavor | Version | Tinstall | Tcheck | Ttotal | Status | Flags |
---|---|---|---|---|---|---|
r-devel-linux-x86_64-debian-clang | 0.3.2 | 16.40 | 224.06 | 240.46 | OK | |
r-devel-linux-x86_64-debian-gcc | 0.3.2 | 13.09 | 161.65 | 174.74 | OK | |
r-devel-linux-x86_64-fedora-clang | 0.3.2 | 334.24 | NOTE | |||
r-devel-linux-x86_64-fedora-gcc | 0.3.2 | 346.87 | OK | |||
r-devel-windows-x86_64 | 0.3.2 | 146.00 | 274.00 | 420.00 | OK | |
r-patched-linux-x86_64 | 0.3.2 | 24.30 | 208.51 | 232.81 | OK | |
r-release-linux-x86_64 | 0.3.2 | 17.08 | 205.75 | 222.83 | OK | |
r-release-macos-arm64 | 0.3.2 | 75.00 | OK | |||
r-release-macos-x86_64 | 0.3.2 | 149.00 | OK | |||
r-release-windows-x86_64 | 0.3.2 | 128.00 | 257.00 | 385.00 | OK | |
r-oldrel-macos-arm64 | 0.3.2 | 382.00 | OK | |||
r-oldrel-macos-x86_64 | 0.3.2 | 95.00 | OK | |||
r-oldrel-windows-ix86+x86_64 | 0.3.2 | 37.00 | 240.00 | 277.00 | OK |
Version: 0.3.2
Check: Rd cross-references
Result: NOTE
Undeclared package ‘future’ in Rd xrefs
Flavor: r-devel-linux-x86_64-fedora-clang