CRAN Package Check Results for Package fTrading

Last updated on 2023-06-05 21:59:06 CEST.

Flavor Version Tinstall Tcheck Ttotal Status Flags
r-devel-linux-x86_64-debian-clang 3042.79 7.81 59.98 67.79 NOTE
r-devel-linux-x86_64-debian-gcc 3042.79 5.53 44.97 50.50 NOTE
r-devel-linux-x86_64-fedora-clang 3042.79 81.15 NOTE
r-devel-linux-x86_64-fedora-gcc 3042.79 77.97 NOTE
r-devel-windows-x86_64 3042.79 6.00 62.00 68.00 NOTE
r-patched-linux-x86_64 3042.79 5.81 56.52 62.33 NOTE
r-release-linux-x86_64 3042.79 6.57 57.02 63.59 NOTE
r-release-macos-arm64 3042.79 27.00 NOTE
r-release-macos-x86_64 3042.79 38.00 NOTE
r-release-windows-x86_64 3042.79 8.00 68.00 76.00 NOTE
r-oldrel-macos-arm64 3042.79 27.00 NOTE
r-oldrel-macos-x86_64 3042.79 36.00 NOTE
r-oldrel-windows-x86_64 3042.79 8.00 70.00 78.00 NOTE

Check Details

Version: 3042.79
Check: LazyData
Result: NOTE
     'LazyData' is specified without a 'data' directory
Flavors: r-devel-linux-x86_64-debian-clang, r-devel-linux-x86_64-debian-gcc, r-devel-linux-x86_64-fedora-clang, r-devel-linux-x86_64-fedora-gcc, r-devel-windows-x86_64, r-patched-linux-x86_64, r-release-linux-x86_64, r-release-macos-arm64, r-release-macos-x86_64, r-release-windows-x86_64, r-oldrel-macos-arm64, r-oldrel-macos-x86_64, r-oldrel-windows-x86_64