CRAN Package Check Results for Package fICA

Last updated on 2022-12-09 21:53:44 CET.

Flavor Version Tinstall Tcheck Ttotal Status Flags
r-devel-linux-x86_64-debian-clang 1.1-2 49.51 35.63 85.14 OK
r-devel-linux-x86_64-debian-gcc 1.1-2 30.57 30.68 61.25 OK
r-devel-linux-x86_64-fedora-clang 1.1-2 126.39 OK
r-devel-linux-x86_64-fedora-gcc 1.1-2 103.12 OK
r-devel-windows-x86_64 1.1-2 39.00 91.00 130.00 OK
r-patched-linux-x86_64 1.1-2 32.11 34.40 66.51 OK
r-release-linux-x86_64 1.1-2 32.07 34.72 66.79 OK
r-release-macos-arm64 1.1-2 32.00 OK
r-release-macos-x86_64 1.1-2 43.00 OK
r-release-windows-x86_64 1.1-2 42.00 84.00 126.00 OK
r-oldrel-macos-arm64 1.1-2 36.00 NOTE
r-oldrel-macos-x86_64 1.1-2 43.00 OK
r-oldrel-windows-ix86+x86_64 1.1-2 87.00 85.00 172.00 OK

Check Details

Version: 1.1-2
Check: installed package size
Result: NOTE
     installed size is 5.5Mb
     sub-directories of 1Mb or more:
     libs 5.3Mb
Flavor: r-oldrel-macos-arm64