Last updated on 2023-06-05 21:59:06 CEST.
Flavor | Version | Tinstall | Tcheck | Ttotal | Status | Flags |
---|---|---|---|---|---|---|
r-devel-linux-x86_64-debian-clang | 3042.78 | 7.02 | 52.26 | 59.28 | NOTE | |
r-devel-linux-x86_64-debian-gcc | 3042.78 | 4.17 | 40.74 | 44.91 | NOTE | |
r-devel-linux-x86_64-fedora-clang | 3042.78 | 71.91 | NOTE | |||
r-devel-linux-x86_64-fedora-gcc | 3042.78 | 70.32 | NOTE | |||
r-devel-windows-x86_64 | 3042.78 | 6.00 | 57.00 | 63.00 | NOTE | |
r-patched-linux-x86_64 | 3042.78 | 5.98 | 50.32 | 56.30 | NOTE | |
r-release-linux-x86_64 | 3042.78 | 6.11 | 50.53 | 56.64 | NOTE | |
r-release-macos-arm64 | 3042.78 | 25.00 | NOTE | |||
r-release-macos-x86_64 | 3042.78 | 37.00 | NOTE | |||
r-release-windows-x86_64 | 3042.78 | 8.00 | 64.00 | 72.00 | NOTE | |
r-oldrel-macos-arm64 | 3042.78 | 27.00 | NOTE | |||
r-oldrel-macos-x86_64 | 3042.78 | 34.00 | NOTE | |||
r-oldrel-windows-x86_64 | 3042.78 | 7.00 | 65.00 | 72.00 | NOTE |
Version: 3042.78
Check: LazyData
Result: NOTE
'LazyData' is specified without a 'data' directory
Flavors: r-devel-linux-x86_64-debian-clang, r-devel-linux-x86_64-debian-gcc, r-devel-linux-x86_64-fedora-clang, r-devel-linux-x86_64-fedora-gcc, r-devel-windows-x86_64, r-patched-linux-x86_64, r-release-linux-x86_64, r-release-macos-arm64, r-release-macos-x86_64, r-release-windows-x86_64, r-oldrel-macos-arm64, r-oldrel-macos-x86_64, r-oldrel-windows-x86_64