CRAN Package Check Results for Package fBasics

Last updated on 2021-01-26 07:50:15 CET.

Flavor Version Tinstall Tcheck Ttotal Status Flags
r-devel-linux-x86_64-debian-clang 3042.89.1 74.51 173.72 248.23 OK
r-devel-linux-x86_64-debian-gcc 3042.89.1 59.30 130.51 189.81 OK
r-devel-linux-x86_64-fedora-clang 3042.89.1 312.71 NOTE
r-devel-linux-x86_64-fedora-gcc 3042.89.1 274.93 NOTE
r-devel-windows-ix86+x86_64 3042.89.1 113.00 241.00 354.00 OK
r-patched-linux-x86_64 3042.89.1 74.63 158.55 233.18 OK
r-patched-solaris-x86 3042.89.1 411.90 OK
r-release-linux-x86_64 3042.89.1 74.26 157.38 231.64 OK
r-release-macos-x86_64 3042.89.1 OK
r-release-windows-ix86+x86_64 3042.89.1 109.00 184.00 293.00 OK
r-oldrel-macos-x86_64 3042.89.1 NOTE
r-oldrel-windows-ix86+x86_64 3042.89.1 90.00 218.00 308.00 OK

Check Details

Version: 3042.89.1
Check: compiled code
Result: NOTE
    File ‘fBasics/libs/fBasics.so’:
     Found no calls to: ‘R_registerRoutines’, ‘R_useDynamicSymbols’
    
    It is good practice to register native routines and to disable symbol
    search.
    
    See ‘Writing portable packages’ in the ‘Writing R Extensions’ manual.
Flavors: r-devel-linux-x86_64-fedora-clang, r-devel-linux-x86_64-fedora-gcc

Version: 3042.89.1
Check: dependencies in R code
Result: NOTE
    No protocol specified
    No protocol specified
Flavor: r-oldrel-macos-x86_64