CRAN Package Check Results for Package eyetracking

Last updated on 2021-09-21 08:49:41 CEST.

Flavor Version Tinstall Tcheck Ttotal Status Flags
r-devel-linux-x86_64-debian-clang 1.1 1.74 19.64 21.38 NOTE
r-devel-linux-x86_64-debian-gcc 1.1 1.43 15.63 17.06 NOTE
r-devel-linux-x86_64-fedora-clang 1.1 37.19 NOTE
r-devel-linux-x86_64-fedora-gcc 1.1 26.29 NOTE
r-devel-windows-x86_64 1.1 2.00 23.00 25.00 NOTE
r-devel-windows-x86_64-gcc10-UCRT 1.1 ERROR
r-patched-linux-x86_64 1.1 1.72 19.18 20.90 NOTE
r-patched-solaris-x86 1.1 38.80 NOTE
r-release-linux-x86_64 1.1 1.84 19.23 21.07 NOTE
r-release-macos-arm64 1.1 NOTE
r-release-macos-x86_64 1.1 NOTE
r-release-windows-ix86+x86_64 1.1 4.00 23.00 27.00 NOTE
r-oldrel-macos-x86_64 1.1 NOTE
r-oldrel-windows-ix86+x86_64 1.1 3.00 22.00 25.00 NOTE

Check Details

Version: 1.1
Check: DESCRIPTION meta-information
Result: NOTE
    Malformed Description field: should contain one or more complete sentences.
Flavors: r-devel-linux-x86_64-debian-clang, r-devel-linux-x86_64-debian-gcc, r-devel-linux-x86_64-fedora-clang, r-devel-linux-x86_64-fedora-gcc, r-devel-windows-x86_64, r-devel-windows-x86_64-gcc10-UCRT, r-patched-linux-x86_64, r-patched-solaris-x86, r-release-linux-x86_64, r-release-macos-arm64, r-release-macos-x86_64, r-release-windows-ix86+x86_64, r-oldrel-macos-x86_64, r-oldrel-windows-ix86+x86_64

Version: 1.1
Check: Rd line widths
Result: NOTE
    Rd file 'distance2point.Rd':
     \usage lines wider than 90 characters:
     distance2point(x, y, viewerDistance, viewerHeight, resolutionX, resolutionY, screenWidth, screenHeight)
     \examples lines wider than 100 characters:
     function( x, y, viewerDistance, viewerHeight, resolutionX, resolutionY, screenWidth, screenHeight ) {
    
    Rd file 'subtendedAngle.Rd':
     \usage lines wider than 90 characters:
     subtendedAngle(x1, y1, x2, y2, viewerDistance = 58.74, viewerHeight = 4.55, resolutionX = 1280, resolutionY = 1024, screenWidth = 33.97 ... [TRUNCATED]
     \examples lines wider than 100 characters:
     function( x1, y1, x2, y2, viewerDistance=58.74, viewerHeight=4.55, resolutionX=1280, resolutionY=1024, screenWidth=33.97, screenHeight= ... [TRUNCATED]
     d1 <- distance2point(x1, y1, viewerDistance, viewerHeight, resolutionX, resolutionY, screenWidth, screenHeight)
     d2 <- distance2point(x2, y2, viewerDistance, viewerHeight, resolutionX, resolutionY, screenWidth, screenHeight)
    
    These lines will be truncated in the PDF manual.
Flavors: r-devel-linux-x86_64-debian-clang, r-devel-linux-x86_64-debian-gcc, r-devel-linux-x86_64-fedora-clang, r-devel-linux-x86_64-fedora-gcc, r-patched-linux-x86_64, r-release-linux-x86_64

Version: 1.1
Check: whether package can be installed
Result: WARN
    Found the following significant warnings:
     WARNING: installation-time patches will not be applied, could not get the patches index
Flavor: r-devel-windows-x86_64-gcc10-UCRT

Version: 1.1
Check: PDF version of manual
Result: WARN
    LaTeX errors when creating PDF version.
    This typically indicates Rd problems.
Flavor: r-devel-windows-x86_64-gcc10-UCRT

Version: 1.1
Check: PDF version of manual without hyperrefs or index
Result: ERROR
    Re-running with no redirection of stdout/stderr.
Flavor: r-devel-windows-x86_64-gcc10-UCRT