CRAN Package Check Results for Package extraTrees

Last updated on 2021-09-21 20:50:58 CEST.

Flavor Version Tinstall Tcheck Ttotal Status Flags
r-devel-linux-x86_64-debian-clang 1.0.5 4.37 59.28 63.65 NOTE
r-devel-linux-x86_64-debian-gcc 1.0.5 3.16 45.64 48.80 NOTE
r-devel-linux-x86_64-fedora-clang 1.0.5 83.28 NOTE
r-devel-linux-x86_64-fedora-gcc 1.0.5 75.01 NOTE
r-devel-windows-x86_64 1.0.5 5.00 59.00 64.00 NOTE
r-devel-windows-x86_64-gcc10-UCRT 1.0.5 ERROR
r-patched-linux-x86_64 1.0.5 3.98 57.11 61.09 NOTE
r-patched-solaris-x86 1.0.5 101.80 NOTE
r-release-linux-x86_64 1.0.5 3.80 58.17 61.97 NOTE
r-release-macos-arm64 1.0.5 NOTE
r-release-macos-x86_64 1.0.5 NOTE
r-release-windows-ix86+x86_64 1.0.5 9.00 54.00 63.00 NOTE
r-oldrel-macos-x86_64 1.0.5 NOTE
r-oldrel-windows-ix86+x86_64 1.0.5 10.00 55.00 65.00 NOTE

Check Details

Version: 1.0.5
Check: R code for possible problems
Result: NOTE
    toJavaMatrix2D: no visible global function definition for 'is'
    Undefined global functions or variables:
     is
    Consider adding
     importFrom("methods", "is")
    to your NAMESPACE file (and ensure that your DESCRIPTION Imports field
    contains 'methods').
Flavors: r-devel-linux-x86_64-debian-clang, r-devel-linux-x86_64-debian-gcc, r-devel-linux-x86_64-fedora-clang, r-devel-linux-x86_64-fedora-gcc, r-devel-windows-x86_64, r-devel-windows-x86_64-gcc10-UCRT, r-patched-linux-x86_64, r-patched-solaris-x86, r-release-linux-x86_64, r-release-macos-arm64, r-release-macos-x86_64, r-release-windows-ix86+x86_64, r-oldrel-macos-x86_64, r-oldrel-windows-ix86+x86_64

Version: 1.0.5
Check: for non-standard things in the check directory
Result: NOTE
    Found the following files/directories:
     'temp.Rdata'
Flavors: r-devel-linux-x86_64-debian-clang, r-devel-linux-x86_64-debian-gcc, r-devel-linux-x86_64-fedora-clang, r-devel-linux-x86_64-fedora-gcc, r-patched-linux-x86_64, r-patched-solaris-x86, r-release-linux-x86_64

Version: 1.0.5
Check: whether package can be installed
Result: WARN
    Found the following significant warnings:
     WARNING: installation-time patches will not be applied, could not get the patches index
Flavor: r-devel-windows-x86_64-gcc10-UCRT

Version: 1.0.5
Check: PDF version of manual
Result: WARN
    LaTeX errors when creating PDF version.
    This typically indicates Rd problems.
Flavor: r-devel-windows-x86_64-gcc10-UCRT

Version: 1.0.5
Check: PDF version of manual without hyperrefs or index
Result: ERROR
    Re-running with no redirection of stdout/stderr.
Flavor: r-devel-windows-x86_64-gcc10-UCRT