CRAN Package Check Results for Package extraDistr

Last updated on 2020-10-30 08:49:02 CET.

Flavor Version Tinstall Tcheck Ttotal Status Flags
r-devel-linux-x86_64-debian-clang 1.9.1 526.47 78.67 605.14 OK
r-devel-linux-x86_64-debian-gcc 1.9.1 341.13 59.16 400.29 OK
r-devel-linux-x86_64-fedora-clang 1.9.1 861.35 NOTE
r-devel-linux-x86_64-fedora-gcc 1.9.1 717.37 OK
r-devel-windows-ix86+x86_64 1.9.1 1079.00 201.00 1280.00 OK
r-patched-linux-x86_64 1.9.1 446.88 73.15 520.03 OK
r-patched-solaris-x86 1.9.1 581.90 OK
r-release-linux-x86_64 1.9.1 444.15 73.53 517.68 OK
r-release-macos-x86_64 1.9.1 NOTE
r-release-windows-ix86+x86_64 1.9.1 895.00 153.00 1048.00 OK
r-oldrel-macos-x86_64 1.9.1 NOTE
r-oldrel-windows-ix86+x86_64 1.9.1 918.00 197.00 1115.00 OK

Check Details

Version: 1.9.1
Check: installed package size
Result: NOTE
     installed size is 18.3Mb
     sub-directories of 1Mb or more:
     libs 17.7Mb
Flavors: r-devel-linux-x86_64-fedora-clang, r-release-macos-x86_64, r-oldrel-macos-x86_64