CRAN Package Check Results for Package extdplyr

Last updated on 2022-08-07 21:56:23 CEST.

Flavor Version Tinstall Tcheck Ttotal Status Flags
r-devel-linux-x86_64-debian-clang 0.1.5 5.54 51.26 56.80 NOTE
r-devel-linux-x86_64-debian-gcc 0.1.5 3.79 38.54 42.33 NOTE
r-devel-linux-x86_64-fedora-clang 0.1.5 79.84 NOTE
r-devel-linux-x86_64-fedora-gcc 0.1.5 74.50 NOTE
r-devel-windows-x86_64 0.1.5 13.00 72.00 85.00 NOTE
r-patched-linux-x86_64 0.1.5 5.35 47.27 52.62 NOTE
r-release-linux-x86_64 0.1.5 5.16 48.56 53.72 NOTE
r-release-macos-arm64 0.1.5 23.00 NOTE
r-release-macos-x86_64 0.1.5 46.00 NOTE
r-release-windows-x86_64 0.1.5 18.00 72.00 90.00 NOTE
r-oldrel-macos-arm64 0.1.5 27.00 NOTE
r-oldrel-macos-x86_64 0.1.5 37.00 NOTE
r-oldrel-windows-ix86+x86_64 0.1.5 13.00 67.00 80.00 NOTE

Check Details

Version: 0.1.5
Check: LazyData
Result: NOTE
     'LazyData' is specified without a 'data' directory
Flavors: r-devel-linux-x86_64-debian-clang, r-devel-linux-x86_64-debian-gcc, r-devel-linux-x86_64-fedora-clang, r-devel-linux-x86_64-fedora-gcc, r-devel-windows-x86_64, r-patched-linux-x86_64, r-release-linux-x86_64, r-release-macos-arm64, r-release-macos-x86_64, r-release-windows-x86_64, r-oldrel-macos-arm64, r-oldrel-macos-x86_64, r-oldrel-windows-ix86+x86_64