CRAN Package Check Results for Package extWeibQuant

Last updated on 2021-09-21 08:49:41 CEST.

Flavor Version Tinstall Tcheck Ttotal Status Flags
r-devel-linux-x86_64-debian-clang 1.1 4.12 24.05 28.17 NOTE
r-devel-linux-x86_64-debian-gcc 1.1 2.82 18.89 21.71 NOTE
r-devel-linux-x86_64-fedora-clang 1.1 43.10 NOTE
r-devel-linux-x86_64-fedora-gcc 1.1 32.21 NOTE
r-devel-windows-x86_64 1.1 6.00 29.00 35.00 NOTE
r-devel-windows-x86_64-gcc10-UCRT 1.1 ERROR
r-patched-linux-x86_64 1.1 3.87 23.44 27.31 NOTE
r-patched-solaris-x86 1.1 48.90 NOTE
r-release-linux-x86_64 1.1 3.35 23.25 26.60 NOTE
r-release-macos-arm64 1.1 NOTE
r-release-macos-x86_64 1.1 NOTE
r-release-windows-ix86+x86_64 1.1 12.00 37.00 49.00 NOTE
r-oldrel-macos-x86_64 1.1 NOTE
r-oldrel-windows-ix86+x86_64 1.1 11.00 34.00 45.00 NOTE

Check Details

Version: 1.1
Check: R code for possible problems
Result: NOTE
    bootstrapCMLE: no visible global function definition for 'qweibull'
    bootstrapCMLE: no visible binding for global variable 'sd'
    bootstrapCMLE: no visible global function definition for 'quantile'
    bootstrapCenWbMix: no visible binding for global variable 'sd'
    bootstrapCenWbMix: no visible global function definition for 'quantile'
    cenWeibullMLE: no visible global function definition for 'sd'
    expmx.p2.censor: no visible global function definition for 'dweibull'
    expmx.p2.censor: no visible global function definition for 'pweibull'
    genWbMixIni: no visible global function definition for 'runif'
    log.llh.p2.censor: no visible global function definition for 'dweibull'
    log.llh.p2.censor: no visible global function definition for 'pweibull'
    quanWbMix : t.fun: no visible global function definition for 'pweibull'
    quanWbMix: no visible global function definition for 'uniroot'
    quanWbMix.int : t.fun: no visible global function definition for
     'pweibull'
    quanWbMix.int: no visible global function definition for 'uniroot'
    simWbMix: no visible global function definition for 'rbinom'
    simWbMix: no visible global function definition for 'rweibull'
    Undefined global functions or variables:
     dweibull pweibull quantile qweibull rbinom runif rweibull sd uniroot
    Consider adding
     importFrom("stats", "dweibull", "pweibull", "quantile", "qweibull",
     "rbinom", "runif", "rweibull", "sd", "uniroot")
    to your NAMESPACE file.
Flavors: r-devel-linux-x86_64-debian-clang, r-devel-linux-x86_64-debian-gcc, r-devel-linux-x86_64-fedora-clang, r-devel-linux-x86_64-fedora-gcc, r-devel-windows-x86_64, r-patched-linux-x86_64, r-patched-solaris-x86, r-release-linux-x86_64, r-release-macos-arm64, r-release-macos-x86_64, r-release-windows-ix86+x86_64, r-oldrel-macos-x86_64, r-oldrel-windows-ix86+x86_64

Version: 1.1
Check: compiled code
Result: NOTE
    File ‘extWeibQuant/libs/extWeibQuant.so’:
     Found no calls to: ‘R_registerRoutines’, ‘R_useDynamicSymbols’
    
    It is good practice to register native routines and to disable symbol
    search.
    
    See ‘Writing portable packages’ in the ‘Writing R Extensions’ manual.
Flavors: r-devel-linux-x86_64-fedora-clang, r-devel-linux-x86_64-fedora-gcc

Version: 1.1
Check: whether package can be installed
Result: ERROR
    Installation failed.
Flavor: r-devel-windows-x86_64-gcc10-UCRT