CRAN Package Check Results for Package exptest

Last updated on 2021-12-06 19:50:38 CET.

Flavor Version Tinstall Tcheck Ttotal Status Flags
r-devel-linux-x86_64-debian-clang 1.2 3.35 39.29 42.64 NOTE
r-devel-linux-x86_64-debian-gcc 1.2 2.65 30.47 33.12 NOTE
r-devel-linux-x86_64-fedora-clang 1.2 52.41 NOTE
r-devel-linux-x86_64-fedora-gcc 1.2 41.58 NOTE
r-devel-windows-x86_64-new-UL 1.2 10.00 62.00 72.00 NOTE
r-devel-windows-x86_64-new-TK 1.2 NOTE
r-devel-windows-x86_64-old 1.2 5.00 31.00 36.00 NOTE
r-patched-linux-x86_64 1.2 3.88 30.39 34.27 NOTE
r-release-linux-x86_64 1.2 3.62 38.01 41.63 NOTE
r-release-macos-arm64 1.2 NOTE
r-release-macos-x86_64 1.2 NOTE
r-release-windows-ix86+x86_64 1.2 6.00 31.00 37.00 NOTE
r-oldrel-macos-x86_64 1.2 NOTE
r-oldrel-windows-ix86+x86_64 1.2 5.00 35.00 40.00 NOTE

Check Details

Version: 1.2
Check: DESCRIPTION meta-information
Result: NOTE
    Malformed Description field: should contain one or more complete sentences.
Flavors: r-devel-linux-x86_64-debian-clang, r-devel-linux-x86_64-debian-gcc, r-devel-linux-x86_64-fedora-clang, r-devel-linux-x86_64-fedora-gcc, r-devel-windows-x86_64-new-UL, r-devel-windows-x86_64-new-TK, r-devel-windows-x86_64-old, r-patched-linux-x86_64, r-release-linux-x86_64, r-release-macos-arm64, r-release-macos-x86_64, r-release-windows-ix86+x86_64, r-oldrel-macos-x86_64, r-oldrel-windows-ix86+x86_64

Version: 1.2
Check: R code for possible problems
Result: NOTE
    ahsanullah.exp.test: no visible global function definition for 'rexp'
    ahsanullah.exp.test: no visible global function definition for 'pnorm'
    atkinson.exp.test: no visible global function definition for 'rexp'
    atkinson.exp.test: no visible global function definition for 'pnorm'
    co.exp.test: no visible global function definition for 'rexp'
    co.exp.test: no visible global function definition for 'pnorm'
    cvm.exp.test: no visible global function definition for 'rexp'
    deshpande.exp.test: no visible global function definition for 'rexp'
    deshpande.exp.test: no visible global function definition for 'pnorm'
    ep.exp.test: no visible global function definition for 'rexp'
    ep.exp.test: no visible global function definition for 'pnorm'
    epstein.exp.test: no visible global function definition for 'rexp'
    epstein.exp.test: no visible global function definition for 'pchisq'
    frozini.exp.test: no visible global function definition for 'rexp'
    gini.exp.test: no visible global function definition for 'rexp'
    gini.exp.test: no visible global function definition for 'pnorm'
    gnedenko.exp.test: no visible global function definition for 'rexp'
    gnedenko.exp.test: no visible global function definition for 'pf'
    harris.exp.test: no visible global function definition for 'rexp'
    harris.exp.test: no visible global function definition for 'pf'
    hegazy1.exp.test: no visible global function definition for 'rexp'
    hegazy2.exp.test: no visible global function definition for 'rexp'
    hollander.exp.test: no visible global function definition for 'rexp'
    hollander.exp.test: no visible global function definition for 'pnorm'
    kimber.exp.test: no visible global function definition for 'rexp'
    kochar.exp.test: no visible global function definition for 'rexp'
    kochar.exp.test: no visible global function definition for 'pnorm'
    ks.exp.test: no visible global function definition for 'rexp'
    lorenz.exp.test: no visible global function definition for 'rexp'
    lorenz.exp.test: no visible global function definition for 'pnorm'
    moran.exp.test: no visible global function definition for 'rexp'
    moran.exp.test: no visible global function definition for 'pnorm'
    pietra.exp.test: no visible global function definition for 'rexp'
    rossberg.exp.test: no visible global function definition for 'pnorm'
    shapiro.exp.test: no visible global function definition for 'rexp'
    we.exp.test: no visible global function definition for 'var'
    we.exp.test: no visible global function definition for 'rexp'
    ww.exp.test: no visible global function definition for 'rexp'
    Undefined global functions or variables:
     pchisq pf pnorm rexp var
    Consider adding
     importFrom("stats", "pchisq", "pf", "pnorm", "rexp", "var")
    to your NAMESPACE file.
Flavors: r-devel-linux-x86_64-debian-clang, r-devel-linux-x86_64-debian-gcc, r-devel-linux-x86_64-fedora-clang, r-devel-linux-x86_64-fedora-gcc, r-devel-windows-x86_64-new-UL, r-devel-windows-x86_64-new-TK, r-devel-windows-x86_64-old, r-patched-linux-x86_64, r-release-linux-x86_64, r-release-macos-arm64, r-release-macos-x86_64, r-release-windows-ix86+x86_64, r-oldrel-macos-x86_64, r-oldrel-windows-ix86+x86_64