Last updated on 2023-12-01 07:50:04 CET.
Flavor | Version | Tinstall | Tcheck | Ttotal | Status | Flags |
---|---|---|---|---|---|---|
r-devel-linux-x86_64-debian-clang | 1.3.0 | 762.68 | 291.91 | 1054.59 | NOTE | |
r-devel-linux-x86_64-debian-gcc | 1.3.0 | 672.66 | 255.49 | 928.15 | NOTE | |
r-devel-linux-x86_64-fedora-clang | 1.3.0 | 1371.86 | NOTE | |||
r-devel-linux-x86_64-fedora-gcc | 1.3.0 | 1757.53 | NOTE | |||
r-devel-windows-x86_64 | 1.3.0 | 603.00 | 272.00 | 875.00 | NOTE | |
r-patched-linux-x86_64 | 1.3.0 | 553.27 | 327.54 | 880.81 | NOTE | |
r-release-linux-x86_64 | 1.3.0 | 632.35 | 323.67 | 956.02 | NOTE | |
r-release-macos-arm64 | 1.3.0 | 377.00 | NOTE | |||
r-release-macos-x86_64 | 1.3.0 | 493.00 | NOTE | |||
r-release-windows-x86_64 | 1.3.0 | 776.00 | 340.00 | 1116.00 | NOTE | |
r-oldrel-macos-arm64 | 1.3.0 | 399.00 | NOTE | |||
r-oldrel-macos-x86_64 | 1.3.0 | 596.00 | NOTE | |||
r-oldrel-windows-x86_64 | 1.3.0 | 724.00 | 328.00 | 1052.00 | NOTE |
Version: 1.3.0
Check: for GNU extensions in Makefiles
Result: NOTE
GNU make is a SystemRequirements.
Flavors: r-devel-linux-x86_64-debian-clang, r-devel-linux-x86_64-debian-gcc, r-devel-linux-x86_64-fedora-clang, r-devel-linux-x86_64-fedora-gcc, r-devel-windows-x86_64, r-patched-linux-x86_64, r-release-linux-x86_64, r-release-macos-arm64, r-release-macos-x86_64, r-release-windows-x86_64, r-oldrel-macos-arm64, r-oldrel-macos-x86_64, r-oldrel-windows-x86_64
Version: 1.3.0
Check: installed package size
Result: NOTE
installed size is 10.0Mb
sub-directories of 1Mb or more:
doc 1.7Mb
libs 6.7Mb
Flavors: r-devel-linux-x86_64-fedora-clang, r-devel-windows-x86_64, r-release-macos-arm64, r-release-macos-x86_64, r-release-windows-x86_64, r-oldrel-macos-arm64, r-oldrel-macos-x86_64, r-oldrel-windows-x86_64
Version: 1.3.0
Check: dependencies in R code
Result: NOTE
Namespaces in Imports field not imported from:
‘RcppParallel’ ‘rstantools’
All declared Imports should be used.
Flavors: r-devel-linux-x86_64-fedora-clang, r-devel-linux-x86_64-fedora-gcc